{"text_format":"1","workbook":"xlsx","n_sheets":3,"sheets":["発注書","list","ﾌﾞﾛｯｸ解除方法"],"not_rendered":{"charts":0,"images":2,"macros":1,"external_links":0,"defined_names":0,"comments":0,"pivot_tables":0},"unopened":[],"bounds":{"document_bytes":16777216,"sheet_cells":100000,"rows_first":2000,"rows_last":500,"rows_between":2000,"halvings":0,"cell_chars":16384,"cell_head_chars":4096},"cells_cut":0,"cells_raw":0,"read":"whole","date_system":"1900"}

{"sheet":"発注書","index":0,"n_rows":35,"n_cols":8,"rows_kept":35,"cut":false,"hidden":false,"merged":[[34,4,34,6],[29,2,29,3],[1,0,1,6],[2,5,2,6],[3,5,3,6],[32,4,32,6],[33,4,33,6],[32,2,32,3],[33,2,33,3],[34,2,34,3]]}
[]
["発　注　書"]
[null,null,null,null,"日付"]
["ザリーンジャパン株式会社",null,null,null,"No."]
["tel : 03-5631-6101 fax : 03-5631-6120"]
["※発注書は随時更新されます。一定期間が経ちましたら再度ダウンロードをお願い致します。",null,null,null,null,"お取引掛率をご入力下さい(％)。"]
[null,"商品ｺｰﾄﾞ(listからｺﾋﾟｰ貼付可)と数量をご入力下さい(半角) 。ﾌｧｯｸｽ又は担当者へmailにてお送りください。"]
[null,"←ｺｰﾄﾞ検索をｸﾘｯｸで検索できます(ﾏｸﾛがﾌﾞﾛｯｸされた場合はﾌﾞﾛｯｸ解除方法をご参照ください）。",null,null,null,null,null,"廃盤の　　お知らせ"]
["商品コード","商品名","上代価格","発注単位","数量","単価","金額","×廃盤在無　△廃盤在有　"]
[null,{"$f":"IF(A10=\"\",\"\",VLOOKUP(A10,list!$A:$C,2,FALSE))","v":""},{"$f":"IF(A10=\"\",\"\",VLOOKUP(A10,list!$A:$C,3,FALSE))","v":""},{"$f":"IF(A10=\"\",\"\",VLOOKUP(A10,list!$A:$D,4,FALSE))","v":""},null,{"$f":"IF(C10=\"\",\"\",C10*$F$7)","v":""},{"$f":"IF(E10=0,\"\",(E10*F10))","v":""},{"$f":"IF(A10=\"\",\"\",VLOOKUP(A10,list!$A:$G,7,FALSE))&\"\"","v":""}]
[null,{"$f":"IF(A11=\"\",\"\",VLOOKUP(A11,list!$A:$C,2,FALSE))","v":""},{"$f":"IF(A11=\"\",\"\",VLOOKUP(A11,list!$A:$C,3,FALSE))","v":""},{"$f":"IF(A11=\"\",\"\",VLOOKUP(A11,list!$A:$D,4,FALSE))","v":""},null,{"$f":"IF(C11=\"\",\"\",C11*$F$7)","v":""},"",{"$f":"IF(A11=\"\",\"\",VLOOKUP(A11,list!$A:$G,7,FALSE))&\"\"","v":""}]
[null,{"$f":"IF(A12=\"\",\"\",VLOOKUP(A12,list!$A:$C,2,FALSE))","v":""},{"$f":"IF(A12=\"\",\"\",VLOOKUP(A12,list!$A:$C,3,FALSE))","v":""},{"$f":"IF(A12=\"\",\"\",VLOOKUP(A12,list!$A:$D,4,FALSE))","v":""},null,"","",{"$f":"IF(A12=\"\",\"\",VLOOKUP(A12,list!$A:$G,7,FALSE))&\"\"","v":""}]
[null,{"$f":"IF(A13=\"\",\"\",VLOOKUP(A13,list!$A:$C,2,FALSE))","v":""},{"$f":"IF(A13=\"\",\"\",VLOOKUP(A13,list!$A:$C,3,FALSE))","v":""},{"$f":"IF(A13=\"\",\"\",VLOOKUP(A13,list!$A:$D,4,FALSE))","v":""},null,"","",{"$f":"IF(A13=\"\",\"\",VLOOKUP(A13,list!$A:$G,7,FALSE))&\"\"","v":""}]
[null,{"$f":"IF(A14=\"\",\"\",VLOOKUP(A14,list!$A:$C,2,FALSE))","v":""},{"$f":"IF(A14=\"\",\"\",VLOOKUP(A14,list!$A:$C,3,FALSE))","v":""},{"$f":"IF(A14=\"\",\"\",VLOOKUP(A14,list!$A:$D,4,FALSE))","v":""},null,"","",{"$f":"IF(A14=\"\",\"\",VLOOKUP(A14,list!$A:$G,7,FALSE))&\"\"","v":""}]
[null,{"$f":"IF(A15=\"\",\"\",VLOOKUP(A15,list!$A:$C,2,FALSE))","v":""},{"$f":"IF(A15=\"\",\"\",VLOOKUP(A15,list!$A:$C,3,FALSE))","v":""},{"$f":"IF(A15=\"\",\"\",VLOOKUP(A15,list!$A:$D,4,FALSE))","v":""},null,{"$f":"IF(C15=\"\",\"\",C15*$F$7)","v":""},{"$f":"IF(E15=0,\"\",(E15*F15))","v":""},{"$f":"IF(A15=\"\",\"\",VLOOKUP(A15,list!$A:$G,7,FALSE))&\"\"","v":""}]
[null,{"$f":"IF(A16=\"\",\"\",VLOOKUP(A16,list!$A:$C,2,FALSE))","v":""},{"$f":"IF(A16=\"\",\"\",VLOOKUP(A16,list!$A:$C,3,FALSE))","v":""},{"$f":"IF(A16=\"\",\"\",VLOOKUP(A16,list!$A:$D,4,FALSE))","v":""},null,"","",{"$f":"IF(A16=\"\",\"\",VLOOKUP(A16,list!$A:$G,7,FALSE))&\"\"","v":""}]
[null,{"$f":"IF(A17=\"\",\"\",VLOOKUP(A17,list!$A:$C,2,FALSE))","v":""},{"$f":"IF(A17=\"\",\"\",VLOOKUP(A17,list!$A:$C,3,FALSE))","v":""},{"$f":"IF(A17=\"\",\"\",VLOOKUP(A17,list!$A:$D,4,FALSE))","v":""},null,"","",{"$f":"IF(A17=\"\",\"\",VLOOKUP(A17,list!$A:$G,7,FALSE))&\"\"","v":""}]
[null,{"$f":"IF(A18=\"\",\"\",VLOOKUP(A18,list!$A:$C,2,FALSE))","v":""},{"$f":"IF(A18=\"\",\"\",VLOOKUP(A18,list!$A:$C,3,FALSE))","v":""},{"$f":"IF(A18=\"\",\"\",VLOOKUP(A18,list!$A:$D,4,FALSE))","v":""},null,"","",{"$f":"IF(A18=\"\",\"\",VLOOKUP(A18,list!$A:$G,7,FALSE))&\"\"","v":""}]
[null,{"$f":"IF(A19=\"\",\"\",VLOOKUP(A19,list!$A:$C,2,FALSE))","v":""},{"$f":"IF(A19=\"\",\"\",VLOOKUP(A19,list!$A:$C,3,FALSE))","v":""},{"$f":"IF(A19=\"\",\"\",VLOOKUP(A19,list!$A:$D,4,FALSE))","v":""},null,"","",{"$f":"IF(A19=\"\",\"\",VLOOKUP(A19,list!$A:$G,7,FALSE))&\"\"","v":""}]
[null,{"$f":"IF(A20=\"\",\"\",VLOOKUP(A20,list!$A:$C,2,FALSE))","v":""},{"$f":"IF(A20=\"\",\"\",VLOOKUP(A20,list!$A:$C,3,FALSE))","v":""},{"$f":"IF(A20=\"\",\"\",VLOOKUP(A20,list!$A:$D,4,FALSE))","v":""},null,"","",{"$f":"IF(A20=\"\",\"\",VLOOKUP(A20,list!$A:$G,7,FALSE))&\"\"","v":""}]
[null,{"$f":"IF(A21=\"\",\"\",VLOOKUP(A21,list!$A:$C,2,FALSE))","v":""},{"$f":"IF(A21=\"\",\"\",VLOOKUP(A21,list!$A:$C,3,FALSE))","v":""},{"$f":"IF(A21=\"\",\"\",VLOOKUP(A21,list!$A:$D,4,FALSE))","v":""},null,"","",{"$f":"IF(A21=\"\",\"\",VLOOKUP(A21,list!$A:$G,7,FALSE))&\"\"","v":""}]
[null,{"$f":"IF(A22=\"\",\"\",VLOOKUP(A22,list!$A:$C,2,FALSE))","v":""},{"$f":"IF(A22=\"\",\"\",VLOOKUP(A22,list!$A:$C,3,FALSE))","v":""},{"$f":"IF(A22=\"\",\"\",VLOOKUP(A22,list!$A:$D,4,FALSE))","v":""},null,"","",{"$f":"IF(A22=\"\",\"\",VLOOKUP(A22,list!$A:$G,7,FALSE))&\"\"","v":""}]
[null,{"$f":"IF(A23=\"\",\"\",VLOOKUP(A23,list!$A:$C,2,FALSE))","v":""},{"$f":"IF(A23=\"\",\"\",VLOOKUP(A23,list!$A:$C,3,FALSE))","v":""},{"$f":"IF(A23=\"\",\"\",VLOOKUP(A23,list!$A:$D,4,FALSE))","v":""},null,"","",{"$f":"IF(A23=\"\",\"\",VLOOKUP(A23,list!$A:$G,7,FALSE))&\"\"","v":""}]
[null,{"$f":"IF(A24=\"\",\"\",VLOOKUP(A24,list!$A:$C,2,FALSE))","v":""},{"$f":"IF(A24=\"\",\"\",VLOOKUP(A24,list!$A:$C,3,FALSE))","v":""},{"$f":"IF(A24=\"\",\"\",VLOOKUP(A24,list!$A:$D,4,FALSE))","v":""},null,"","",{"$f":"IF(A24=\"\",\"\",VLOOKUP(A24,list!$A:$G,7,FALSE))&\"\"","v":""}]
[null,{"$f":"IF(A25=\"\",\"\",VLOOKUP(A25,list!$A:$C,2,FALSE))","v":""},{"$f":"IF(A25=\"\",\"\",VLOOKUP(A25,list!$A:$C,3,FALSE))","v":""},{"$f":"IF(A25=\"\",\"\",VLOOKUP(A25,list!$A:$D,4,FALSE))","v":""},null,"","",{"$f":"IF(A25=\"\",\"\",VLOOKUP(A25,list!$A:$G,7,FALSE))&\"\"","v":""}]
[null,{"$f":"IF(A26=\"\",\"\",VLOOKUP(A26,list!$A:$C,2,FALSE))","v":""},{"$f":"IF(A26=\"\",\"\",VLOOKUP(A26,list!$A:$C,3,FALSE))","v":""},{"$f":"IF(A26=\"\",\"\",VLOOKUP(A26,list!$A:$D,4,FALSE))","v":""},null,"","",{"$f":"IF(A26=\"\",\"\",VLOOKUP(A26,list!$A:$G,7,FALSE))&\"\"","v":""}]
[null,{"$f":"IF(A27=\"\",\"\",VLOOKUP(A27,list!$A:$C,2,FALSE))","v":""},{"$f":"IF(A27=\"\",\"\",VLOOKUP(A27,list!$A:$C,3,FALSE))","v":""},{"$f":"IF(A27=\"\",\"\",VLOOKUP(A27,list!$A:$D,4,FALSE))","v":""},null,"","",{"$f":"IF(A27=\"\",\"\",VLOOKUP(A27,list!$A:$G,7,FALSE))&\"\"","v":""}]
[null,{"$f":"IF(A28=\"\",\"\",VLOOKUP(A28,list!$A:$C,2,FALSE))","v":""},{"$f":"IF(A28=\"\",\"\",VLOOKUP(A28,list!$A:$C,3,FALSE))","v":""},{"$f":"IF(A28=\"\",\"\",VLOOKUP(A28,list!$A:$D,4,FALSE))","v":""},null,"","",{"$f":"IF(A28=\"\",\"\",VLOOKUP(A28,list!$A:$G,7,FALSE))&\"\"","v":""}]
[null,{"$f":"IF(A29=\"\",\"\",VLOOKUP(A29,list!$A:$C,2,FALSE))","v":""},{"$f":"IF(A29=\"\",\"\",VLOOKUP(A29,list!$A:$C,3,FALSE))","v":""},{"$f":"IF(A29=\"\",\"\",VLOOKUP(A29,list!$A:$D,4,FALSE))","v":""},null,"","",{"$f":"IF(A29=\"\",\"\",VLOOKUP(A29,list!$A:$G,7,FALSE))&\"\"","v":""}]
[null,null,"合計数量",null,{"$f":"IF(SUM(E10:E29)=0,\"\",SUM(E10:E29))","v":""},"合計金額",{"$f":"IF(SUM(G10:G29)=0,\"\",SUM(G10:G29))","v":""}]
[null,null,null,null,null,"消費税",{"$f":"IF(SUM(G10:G29)=0,\"\",SUM(G10:G29)*0.1)","v":""}]
[null,null,null,null,null,"総計金額",{"$f":"IF(SUM(G10:G29)=0,\"\",SUM(G30:G31))","v":""}]
["お客様名",null,"電話番号"]
["納品先",null,"電話番号"]
["納品先住所",null,"その他"]

{"sheet":"list","index":1,"n_rows":956,"n_cols":7,"rows_kept":956,"cut":false,"hidden":false,"merged":[]}
[null,null,null,null,null,null,"〇継続△廃盤在有×廃盤0"]
["商品コード(+色番)","商品名","上代価格","発注単位","JANコード","寸法","廃盤"]
["02899301","クーケカクプレート　ナチュラル",1200,1,"4543959396016","19.5x13.5xh5.0cm"]
["02899061","クーケカクプレート　ブラウン",1200,1,"4543959396030","19.5x13.5xh5.0cm"]
["02899101","クーケカクプレート　スノーホワイト",1200,1,"4543959396269","19.5x13.5xh5.0cm"]
["02899085","クーケカクプレート　グレー",1200,1,"4543959396047","19.5x13.5xh5.0cm","×"]
["02899191","クーケカクプレート　ブラック",1200,1,"4543959396214","19.5x13.5xh5.0cm"]
["02899471","クーケカクプレート　イエロー",1200,1,"4543959396108","19.5x13.5xh5.0cm"]
["02899011","クーケカクプレート　バレンシア",1200,1,"4543959397105","19.5x13.5xh5.0cm"]
["02899791","クーケカクプレート　レッド",1200,1,"4543959396078","19.5x13.5xh5.0cm"]
["02899201","クーケカクプレート　パープル",1200,1,"4543959396115","19.5x13.5xh5.0cm"]
["02899371","クーケカクプレート　グリーン",1200,1,"4543959396092","19.5x13.5xh5.0cm"]
["02899781","クーケカクプレート　ブルー",1200,1,"4543959397235","19.5x13.5xh5.0cm"]
["02873301","ブランジェリーオーバルバスケット　ナチュラル",1250,1,"4543959395019","22.5x16.0xh6.5cm"]
["02873041","ブランジェリーオーバルバスケット　ベージュ",1250,1,"4543959395033","22.5x16.0xh6.5cm","×"]
["02873061","ブランジェリーオーバルバスケット　ブラウン",1250,1,"4543959395033","22.5x16.0xh6.5cm"]
["02873101","ブランジェリーオーバルバスケット　スノーホワイト",1250,1,"4543959395262","22.5x16.0xh6.5cm"]
["02873085","ブランジェリーオーバルバスケット　グレー",1250,1,"4543959395040","22.5x16.0xh6.5cm","×"]
["02873191","ブランジェリーオーバルバスケット　ブラック",1250,1,"4543959395217","22.5x16.0xh6.5cm"]
["02873471","ブランジェリーオーバルバスケット　イエロー",1250,1,"4543959395101","22.5x16.0xh6.5cm"]
["02873011","ブランジェリーオーバルバスケット　バレンシア",1250,1,"4543959397112","22.5x16.0xh6.5cm"]
["02873791","ブランジェリーオーバルバスケット　レッド",1250,1,"4543959395071","22.5x16.0xh6.5cm"]
["02873201","ブランジェリーオーバルバスケット　パープル",1250,1,"4543959395118","22.5x16.0xh6.5cm"]
["02873371","ブランジェリーオーバルバスケット　グリーン",1250,1,"4543959395095","22.5x16.0xh6.5cm"]
["02873781","ブランジェリーオーバルバスケット　ブルー",1250,1,"4543959397242","22.5x16.0xh6.5cm"]
["02862301","シュガーボウル　ナチュラル",800,1,"4543959394012","φ10.0xh4.5cm"]
["02862041","シュガーボウル　ベージュ",800,1,"4543959394029","φ10.0xh4.5cm","△"]
["02862061","シュガーボウル　ブラウン",800,1,"4543959394036","φ10.0xh4.5cm"]
["02862541","シュガーボウル　アイボリー",800,1,"4543959394067","φ10.0xh4.5cm","△"]
["02862101","シュガーボウル　スノーホワイト",800,1,"4543959394265","φ10.0xh4.5cm"]
["02862085","シュガーボウル　グレー",800,1,"4543959394043","φ10.0xh4.5cm","△"]
["02862191","シュガーボウル　ブラック",800,1,"4543959394210","φ10.0xh4.5cm"]
["02862471","シュガーボウル　イエロー",800,1,"4543959394104","φ10.0xh4.5cm"]
["02862011","シュガーボウル　バレンシア",800,1,"4543959397129","φ10.0xh4.5cm"]
["02862791","シュガーボウル　レッド",800,1,"4543959394074","φ10.0xh4.5cm"]
["02862201","シュガーボウル　パープル",800,1,"4543959394111","φ10.0xh4.5cm"]
["02862371","シュガーボウル　グリーン",800,1,"4543959394098","φ10.0xh4.5cm"]
["02862781","シュガーボウル　ブルー",800,1,"4543959397259","φ10.0xh4.5cm"]
["02849301","コンフィチュールバスケット　ナチュラル",750,1,"4543959290017","13.0x8.5xh6.5cm "]
["02849041","コンフィチュールバスケット　ベージュ",750,1,"4543959290024","13.0x8.5xh6.5cm ","×"]
["02849061","コンフィチュールバスケット　ブラウン",750,1,"4543959290062","13.0x8.5xh6.5cm "]
["02849101","コンフィチュールバスケット　スノーホワイト",750,1,"4543959290260","13.0x8.5xh6.5cm "]
["02849085","コンフィチュールバスケット　グレー",750,1,"4543959290048","13.0x8.5xh6.5cm ","×"]
["02849191","コンフィチュールバスケット　ブラック",750,1,"4543959290215","13.0x8.5xh6.5cm "]
["02849471","コンフィチュールバスケット　イエロー",750,1,"4543959290109","13.0x8.5xh6.5cm "]
["02849011","コンフィチュールバスケット　バレンシア",750,1,"4543959397136","13.0x8.5xh6.5cm "]
["02849791","コンフィチュールバスケット　レッド",750,1,"4543959290079","13.0x8.5xh6.5cm "]
["02849201","コンフィチュールバスケット　パープル",750,1,"4543959290116","13.0x8.5xh6.5cm "]
["02849371","コンフィチュールバスケット　グリーン",750,1,"4543959290093","13.0x8.5xh6.5cm "]
["02849781","コンフィチュールバスケット　ブルー",750,1,"4543959397266","13.0x8.5xh6.5cm "]
["02463301","プチブレッドボウル　ナチュラル",1000,1,"4543959306015","φ12.0xh5.5cm "]
["02463061","プチブレッドボウル　ブラウン",1000,1,"4543959306039","φ12.0xh5.5cm "]
["02463541","プチブレッドボウル　アイボリー",1000,1,"4543959306060","φ12.0xh5.5cm ","×"]
["02463101","プチブレッドボウル　スノーホワイト",1000,1,"4543959306268","φ12.0xh5.5cm "]
["02463085","プチブレッドボウル　グレー",1000,1,"4543959306046","φ12.0xh5.5cm ","△"]
["02463191","プチブレッドボウル　ブラック",1000,1,"4543959306213","φ12.0xh5.5cm "]
["02463471","プチブレッドボウル　イエロー",1000,1,"4543959306107","φ12.0xh5.5cm "]
["02463011","プチブレッドボウル　バレンシア",1000,1,"4543959397143","φ12.0xh5.5cm "]
["02463791","プチブレッドボウル　レッド",1000,1,"4543959306077","φ12.0xh5.5cm "]
["02463201","プチブレッドボウル　パープル",1000,1,"4543959306114","φ12.0xh5.5cm "]
["02463371","プチブレッドボウル　グリーン",1000,1,"4543959306091","φ12.0xh5.5cm "]
["02463781","プチブレッドボウル　ブルー",1000,1,"4543959397273","φ12.0xh5.5cm "]
["02874301","エッグボウル　ナチュラル",1150,1,"4543959392018","φ16.0xh8.0cm"]
["02874061","エッグボウル　ブラウン",1150,1,"4543959392032","φ16.0xh8.0cm"]
["02874541","エッグボウル　アイボリー",1150,1,"4543959392063","φ16.0xh8.0cm","×"]
["02874101","エッグボウル　スノーホワイト",1150,1,"4543959392261","φ16.0xh8.0cm"]
["02874085","エッグボウル　グレー",1150,1,"4543959392049","φ16.0xh8.0cm","×"]
["02874191","エッグボウル　ブラック",1150,1,"4543959392216","φ16.0xh8.0cm"]
["02874471","エッグボウル　イエロー",1150,1,"4543959392100","φ16.0xh8.0cm"]
["02874011","エッグボウル　バレンシア",1150,1,"4543959397150","φ16.0xh8.0cm"]
["02874791","エッグボウル　レッド",1150,1,"4543959392070","φ16.0xh8.0cm"]
["02874201","エッグボウル　パープル",1150,1,"4543959392117","φ16.0xh8.0cm"]
["02874371","エッグボウル　グリーン",1150,1,"4543959392094","φ16.0xh8.0cm"]
["02874781","エッグボウル　ブルー",1150,1,"4543959397280","φ16.0xh8.0cm"]
["02964301","テーブルスクエアバスケットＳ　ナチュラル",1500,1,"4543959303014","21.0x21.0xh7.5cm "]
["02964041","テーブルスクエアバスケットＳ　ベージュ",1500,1,"4543959303021","21.0x21.0xh7.5cm ","△"]
["02964061","テーブルスクエアバスケットＳ　ブラウン",1500,1,"4543959303038","21.0x21.0xh7.5cm "]
["02964541","テーブルスクエアバスケットＳ　アイボリー",1500,1,"4543959303069","21.0x21.0xh7.5cm ","△"]
["02964101","テーブルスクエアバスケットＳ　スノーホワイト",1500,1,"4543959303267","21.0x21.0xh7.5cm "]
["02964085","テーブルスクエアバスケットＳ　グレー",1500,1,"4543959303045","21.0x21.0xh7.5cm ","△"]
["02964191","テーブルスクエアバスケットＳ　ブラック",1500,1,"4543959303212","21.0x21.0xh7.5cm "]
["02964471","テーブルスクエアバスケットＳ　イエロー",1500,1,"4543959303106","21.0x21.0xh7.5cm "]
["02964011","テーブルスクエアバスケットＳ　バレンシア",1500,1,"4543959397167","21.0x21.0xh7.5cm "]
["02964791","テーブルスクエアバスケットＳ　レッド",1500,1,"4543959303076","21.0x21.0xh7.5cm "]
["02964201","テーブルスクエアバスケットＳ　パープル",1500,1,"4543959303113","21.0x21.0xh7.5cm "]
["02964371","テーブルスクエアバスケットＳ　グリーン",1500,1,"4543959303090","21.0x21.0xh7.5cm "]
["02964781","テーブルスクエアバスケットＳ　ブルー",1500,1,"4543959397297","21.0x21.0xh7.5cm "]
["02965301","テーブルスクエアバスケットＭ　ナチュラル",1800,1,"4543959304011","23.0x23.0xh9.0cm "]
["02965041","テーブルスクエアバスケットＭ　ベージュ",1800,1,"4543959304028","23.0x23.0xh9.0cm ","△"]
["02965061","テーブルスクエアバスケットＭ　ブラウン",1800,1,"4543959304035","23.0x23.0xh9.0cm "]
["02965541","テーブルスクエアバスケットＭ　アイボリー",1800,1,"4543959304066","23.0x23.0xh9.0cm ","△"]
["02965101","テーブルスクエアバスケットＭ　スノーホワイト",1800,1,"4543959304264","23.0x23.0xh9.0cm "]
["02965085","テーブルスクエアバスケットＭ　グレー",1800,1,"4543959304042","23.0x23.0xh9.0cm ","△"]
["02965191","テーブルスクエアバスケットＭ　ブラック",1800,1,"4543959304219","23.0x23.0xh9.0cm "]
["02965471","テーブルスクエアバスケットＭ　イエロー",1800,1,"4543959304103","23.0x23.0xh9.0cm "]
["02965011","テーブルスクエアバスケットＭ　バレンシア",1800,1,"4543959397174","23.0x23.0xh9.0cm "]
["02965791","テーブルスクエアバスケットＭ　レッド",1800,1,"4543959304073","23.0x23.0xh9.0cm "]
["02965201","テーブルスクエアバスケットＭ　パープル",1800,1,"4543959304110","23.0x23.0xh9.0cm "]
["02965371","テーブルスクエアバスケットＭ　グリーン",1800,1,"4543959304097","23.0x23.0xh9.0cm "]
["02965781","テーブルスクエアバスケットＭ　ブルー",1800,1,"4543959397303","23.0x23.0xh9.0cm "]
["02848301","プチラウンドプレート　ナチュラル",850,1,"4543959291014","φ15.5xh3.5cm"]
["02848061","プチラウンドプレート　ブラウン",850,1,"4543959291038","φ15.5xh3.5cm"]
["02848541","プチラウンドプレート　アイボリー",850,1,"4543959291069","φ15.5xh3.5cm","×"]
["02848101","プチラウンドプレート　スノーホワイト",850,1,"4543959291267","φ15.5xh3.5cm"]
["02848085","プチラウンドプレート　グレー",850,1,"4543959291045","φ15.5xh3.5cm","×"]
["02848191","プチラウンドプレート　ブラック",850,1,"4543959291212","φ15.5xh3.5cm"]
["02848471","プチラウンドプレート　イエロー",850,1,"4543959291106","φ15.5xh3.5cm"]
["02848011","プチラウンドプレート　バレンシア",850,1,"4543959397181","φ15.5xh3.5cm"]
["02848791","プチラウンドプレート　レッド",850,1,"4543959291076","φ15.5xh3.5cm"]
["02848201","プチラウンドプレート　パープル",850,1,"4543959291113","φ15.5xh3.5cm"]
["02848371","プチラウンドプレート　グリーン",850,1,"4543959291090","φ15.5xh3.5cm"]
["02848781","プチラウンドプレート　ブルー",850,1,"4543959397310","φ15.5xh3.5cm"]
["02544301","プチベッセル　ナチュラル",1200,1,"4543959544011","15.5x8.0xh4.0cm"]
["02544041","プチベッセル　ベージュ",1200,1,"4543959544028","15.5x8.0xh4.0cm","△"]
["02544061","プチベッセル　ブラウン",1200,1,"4543959544035","15.5x8.0xh4.0cm"]
["02544101","プチベッセル　スノーホワイト",1200,1,"4543959544264","15.5x8.0xh4.0cm"]
["02544085","プチベッセル　グレー",1200,1,"4543959544042","15.5x8.0xh4.0cm","×"]
["02544191","プチベッセル　ブラック",1200,1,"4543959544219","15.5x8.0xh4.0cm"]
["02544471","プチベッセル　イエロー",1200,1,"4543959544103","15.5x8.0xh4.0cm"]
["02544011","プチベッセル　オレンジ",1200,1,"4543959397198","15.5x8.0xh4.0cm"]
["02544791","プチベッセル　レッド",1200,1,"4543959544073","15.5x8.0xh4.0cm"]
["02544201","プチベッセル　バレンシア",1200,1,"4543959544110","15.5x8.0xh4.0cm"]
["02544371","プチベッセル　グリーン",1200,1,"4543959544097","15.5x8.0xh4.0cm"]
["02544781","プチベッセル　ブルー",1200,1,"4543959397327","15.5x8.0xh4.0cm"]
["02961301","テーブルウイングバスケット　ナチュラル",1650,1,"4543959397365","23.5x18.0xh6.0/8.0cm"]
["02961041","テーブルウイングバスケット　ベージュ",1650,1,"4543959397372","23.5x18.0xh6.0/8.0cm","×"]
["02961061","テーブルウイングバスケット　ブラウン",1650,1,"4543959397389","23.5x18.0xh6.0/8.0cm"]
["02961541","テーブルウイングバスケット　アイボリー",1650,1,"4543959397396","23.5x18.0xh6.0/8.0cm","×"]
["02961101","テーブルウイングバスケット　スノーホワイト",1650,1,"4543959397402","23.5x18.0xh6.0/8.0cm"]
["02961085","テーブルウイングバスケット　グレー",1650,1,"4543959397419","23.5x18.0xh6.0/8.0cm","×"]
["02961191","テーブルウイングバスケット　ブラック",1650,1,"4543959397426","23.5x18.0xh6.0/8.0cm"]
["02961471","テーブルウイングバスケット　イエロー",1650,1,"4543959397433","23.5x18.0xh6.0/8.0cm"]
["02961011","テーブルウイングバスケット　バレンシア",1650,1,"4543959397440","23.5x18.0xh6.0/8.0cm"]
["02961791","テーブルウイングバスケット　レッド",1650,1,"4543959397457","23.5x18.0xh6.0/8.0cm"]
["02961201","テーブルウイングバスケット　パープル",1650,1,"4543959397464","23.5x18.0xh6.0/8.0cm"]
["02961371","テーブルウイングバスケット　グリーン",1650,1,"4543959397471","23.5x18.0xh6.0/8.0cm"]
["02961781","テーブルウイングバスケット　ブルー",1650,1,"4543959397488","23.5x18.0xh6.0/8.0cm"]
["02361301","テーブルカクバスケット　ナチュラル",1750,1,"4543959397495","26.5x19.0xh7.0cm"]
["02361061","テーブルカクバスケット　ブラウン",1750,1,"4543959397518","26.5x19.0xh7.0cm"]
["02361101","テーブルカクバスケット　スノーホワイト",1750,1,"4543959397532","26.5x19.0xh7.0cm"]
["02361085","テーブルカクバスケット　グレー",1750,1,"4543959397549","26.5x19.0xh7.0cm","×"]
["02361191","テーブルカクバスケット　ブラック",1750,1,"4543959397556","26.5x19.0xh7.0cm"]
["02361471","テーブルカクバスケット　イエロー",1750,1,"4543959397563","26.5x19.0xh7.0cm"]
["02361011","テーブルカクバスケット　バレンシア",1750,1,"4543959397570","26.5x19.0xh7.0cm"]
["02361791","テーブルカクバスケット　レッド",1750,1,"4543959397587","26.5x19.0xh7.0cm"]
["02361201","テーブルカクバスケット　パープル",1750,1,"4543959397594","26.5x19.0xh7.0cm"]
["02361371","テーブルカクバスケット　グリーン",1750,1,"4543959397600","26.5x19.0xh7.0cm"]
["02361781","テーブルカクバスケット　ブルー",1750,1,"4543959397617","26.5x19.0xh7.0cm"]
["02934301","テーブルオーバルバスケット　ナチュラル",1950,1,"4543959397624","26.0x18.5xh9.0cm"]
["02934041","テーブルオーバルバスケット　ベージュ",1950,1,"4543959397631","26.0x18.5xh9.0cm","△"]
["02934061","テーブルオーバルバスケット　ブラウン",1950,1,"4543959397648","26.0x18.5xh9.0cm"]
["02934541","テーブルオーバルバスケット　アイボリー",1950,1,"4543959397655","26.0x18.5xh9.0cm","×"]
["02934101","テーブルオーバルバスケット　スノーホワイト",1950,1,"4543959397662","26.0x18.5xh9.0cm"]
["02934085","テーブルオーバルバスケット　グレー",1950,1,"4543959397679","26.0x18.5xh9.0cm","×"]
["02934191","テーブルオーバルバスケット　ブラック",1950,1,"4543959397686","26.0x18.5xh9.0cm"]
["02934471","テーブルオーバルバスケット　イエロー",1950,1,"4543959397693","26.0x18.5xh9.0cm"]
["02934011","テーブルオーバルバスケット　バレンシア",1950,1,"4543959397709","26.0x18.5xh9.0cm"]
["02934791","テーブルオーバルバスケット　レッド",1950,1,"4543959397716","26.0x18.5xh9.0cm"]
["02934201","テーブルオーバルバスケット　パープル",1950,1,"4543959397723","26.0x18.5xh9.0cm"]
["02934371","テーブルオーバルバスケット　グリーン",1950,1,"4543959397730","26.0x18.5xh9.0cm"]
["02934781","テーブルオーバルバスケット　ブルー",1950,1,"4543959397747","26.0x18.5xh9.0cm"]
["02157301","カトラリートレーＳ　ナチュラル",1250,1,"4543959157013","27.5x10.0xh4.5cm"]
["02157041","カトラリートレーＳ　ベージュ",1250,1,"4543959157020","27.5x10.0xh4.5cm","△"]
["02157061","カトラリートレーＳ　ブラウン",1250,1,"4543959157037","27.5x10.0xh4.5cm"]
["02157541","カトラリートレーＳ　アイボリー",1250,1,"4543959157068","27.5x10.0xh4.5cm","△"]
["02157101","カトラリートレーＳ　スノーホワイト",1250,1,"4543959157266","27.5x10.0xh4.5cm"]
["02157191","カトラリートレーＳ　ブラック",1250,1,"4543959157211","27.5x10.0xh4.5cm","△"]
["02158301","カトラリートレーＬ　ナチュラル",1400,1,"4543959158010","27.5x10.0xh6.0cm"]
["02158061","カトラリートレーＬ　ブラウン",1400,1,"4543959158034","27.5x10.0xh6.0cm"]
["02158541","カトラリートレーＬ　アイボリー",1400,1,"4543959158065","27.5x10.0xh6.0cm","×"]
["02158101","カトラリートレーＬ　スノーホワイト",1400,1,"4543959158263","27.5x10.0xh6.0cm"]
["02158191","カトラリートレーＬ　ブラック",1400,1,"4543959158218","27.5x10.0xh6.0cm","△"]
["02844301","ビスキュイバスケット　ナチュラル",1550,1,"4543959393015","φ22.0xh5.0cm"]
["02844061","ビスキュイバスケット　ブラウン",1550,1,"4543959393039","φ22.0xh5.0cm"]
["02103301","ボウルＳ　ナチュラル",1600,1,"4543959103010","φ24.0xh9.0cm"]
["02103041","ボウルＳ　ベージュ",1600,1,"4543959103027","φ24.0xh9.0cm","△"]
["02103061","ボウルＳ　ブラウン",1600,1,"4543959103034","φ24.0xh9.0cm"]
["02103541","ボウルＳ　アイボリー",1600,1,"4543959103065","φ24.0xh9.0cm","△"]
["02103471","ボウルＳ　イエロー",1600,1,"4543959103102","φ24.0xh9.0cm"]
["02103371","ボウルＳ　グリーン",1600,1,"4543959103096","φ24.0xh9.0cm"]
["02103791","ボウルＳ　レッド",1600,1,"4543959103072","φ24.0xh9.0cm"]
["02109301","オーバルバスケットＳ　ナチュラル",1600,1,"4543959109029","28.0x17.0xh8.0cm"]
["02109041","オーバルバスケットＳ　ベージュ",1600,1,"4543959109029","28.0x17.0xh8.0cm","×"]
["02109061","オーバルバスケットＳ　ブラウン",1600,1,"4543959109036","28.0x17.0xh8.0cm"]
["02109541","オーバルバスケットＳ　アイボリー",1600,1,"4543959109067","28.0x17.0xh8.0cm","×"]
["02109471","オーバルバスケットＳ　イエロー",1600,1,"4543959109104","28.0x17.0xh8.0cm"]
["02109371","オーバルバスケットＳ　グリーン",1600,1,"4543959109098","28.0x17.0xh8.0cm"]
["02109791","オーバルバスケットＳ　レッド",1600,1,"4543959109074","28.0x17.0xh8.0cm"]
["02560301","オーバルバスケットM　ナチュラル",1650,1,"4543959560011","26.0x21.0xh8.0cm"]
["02560061","オーバルバスケットＭ　ブラウン",1650,1,"4543959560035","26.0x21.0xh8.0cm"]
["02560541","オーバルバスケットＭ　アイボリー",1650,1,"4543959560066","26.0x21.0xh8.0cm","×"]
["02560471","オーバルバスケットＭ　イエロー",1650,1,"4543959560103","26.0x21.0xh8.0cm"]
["02560371","オーバルバスケットＭ　グリーン",1650,1,"4543959560097","26.0x21.0xh8.0cm"]
["02560791","オーバルバスケットＭ　レッド",1650,1,"4543959560073","26.0x21.0xh8.0cm"]
["02200301","カクバスケット　ナチュラル",2100,1,"4543959200016","31.0x23.0xh10.0cm"]
["02200061","カクバスケット　ブラウン",2100,1,"4543959200030","31.0x23.0xh10.0cm"]
["02200471","カクバスケット　イエロー",2100,1,"4543959200108","31.0x23.0xh10.0cm"]
["02200371","カクバスケット　グリーン",2100,1,"4543959200092","31.0x23.0xh10.0cm"]
["02200791","カクバスケット　レッド",2100,1,"4543959200078","31.0x23.0xh10.0cm"]
["02105301","ウイングバスケット　ナチュラル",2300,1,"4543959105014","30.0x21.0xh11.0cm"]
["02105041","ウイングバスケット　ベージュ",2300,1,"4543959105021","30.0x21.0xh11.0cm","×"]
["02105061","ウイングバスケット　ブラウン",2300,1,"4543959105038","30.0x21.0xh11.0cm"]
["02105541","ウイングバスケット　アイボリー",2300,1,"4543959105069","30.0x21.0xh11.0cm"]
["02105471","ウイングバスケット　イエロー",2300,1,"4543959105106","30.0x21.0xh11.0cm"]
["02105371","ウイングバスケット　グリーン",2300,1,"4543959105090","30.0x21.0xh11.0cm"]
["02105791","ウイングバスケット　レッド",2300,1,"4543959105076","30.0x21.0xh11.0cm"]
["02550301","ラウンドプレートＳ　ナチュラル",1900,1,"4543959550012","φ28.0xh5.0cm"]
["02550061","ラウンドプレートＳ　ブラウン",1900,1,"4543959550036","φ28.0xh5.0cm"]
["02550541","ラウンドプレートＳ　アイボリー",1900,1,"4543959550067","φ28.0xh5.0cm","△"]
["02550471","ラウンドプレートＳ　イエロー",1900,1,"4543959550104","φ28.0xh5.0cm"]
["02550371","ラウンドプレートＳ　グリーン",1900,1,"4543959550098","φ28.0xh5.0cm"]
["02550791","ラウンドプレートＳ　レッド",1900,1,"4543959550074","φ28.0xh5.0cm"]
["02551301","ラウンドプレートＬ　ナチュラル",2500,1,"4543959551019","φ38.0xh5.0cm"]
["02551041","ラウンドプレートＬ　ベージュ",2500,1,"4543959551026","φ38.0xh5.0cm","△"]
["02551061","ラウンドプレートＬ　ブラウン",2500,1,"4543959551033","φ38.0xh5.0cm"]
["02551541","ラウンドプレートＬ　アイボリー",2500,1,"4543959551064","φ38.0xh5.0cm","△"]
["02551471","ラウンドプレートＬ　イエロー",2500,1,"4543959551101","φ38.0xh5.0cm"]
["02551371","ラウンドプレートＬ　グリーン",2500,1,"4543959551095","φ38.0xh5.0cm"]
["02551791","ラウンドプレートＬ　レッド",2500,1,"4543959551071","φ38.0xh5.0cm"]
["02605301","カトラリースタンド　ラウンド　ナチュラル",1400,1,"4543959605019","φ14.0xh16.0cm"]
["02605041","カトラリースタンド　ラウンド　ベージュ",1400,1,"4543959605026","φ14.0xh16.0cm","△"]
["02605061","カトラリースタンド　ラウンド　ブラウン",1400,1,"4543959605033","φ14.0xh16.0cm"]
["02605541","カトラリースタンド　ラウンド　アイボリー",1400,1,"4543959605064","φ14.0xh16.0cm","△"]
["02606301","カトラリースタンド　スクエア　ナチュラル",1500,1,"4543959606016","16.0x16.0xh12.5cm"]
["02606061","カトラリースタンド　スクエア　ブラウン",1500,1,"4543959606030","16.0x16.0xh12.5cm"]
["02879301","ガストロノームバスケット　GN1/1　ナチュラル",6000,1,"4543959397754","53.0x32.5xh6.5cm"]
["02879041","ガストロノームバスケット　GN1/1　ベージュ",6000,1,"4543959397761","53.0x32.5xh6.5cm"]
["02879061","ガストロノームバスケット　GN1/1　ブラウン",6000,1,"4543959397778","53.0x32.5xh6.5cm"]
["02881301","ガストロノームバスケット　GN2/3　ナチュラル",4600,1,"4543959397785","35.5x32.5xh6.5cm"]
["02881041","ガストロノームバスケット　GN2/3　ベージュ",4600,1,"4543959397792","35.5x32.5xh6.5cm"]
["02881061","ガストロノームバスケット　GN2/3　ブラウン",4600,1,"4543959397808","35.5x32.5xh6.5cm"]
["02883301","ガストロノームバスケット　GN1/2　ナチュラル",3800,1,"4543959397815","32.5x26.5xh6.5cm"]
["02883041","ガストロノームバスケット　GN1/2　ベージュ",3800,1,"4543959397822","32.5x26.5xh6.5cm"]
["02883061","ガストロノームバスケット　GN1/2　ブラウン",3800,1,"4543959397839","32.5x26.5xh6.5cm"]
["02885301","ガストロノームバスケット　GN1/3　ナチュラル",3600,1,"4543959397846","32.5x17.5xh6.5cm"]
["02885041","ガストロノームバスケット　GN1/3　ベージュ",3600,1,"4543959397853","32.5x17.5xh6.5cm"]
["02885061","ガストロノームバスケット　GN1/3　ブラウン",3600,1,"4543959397860","32.5x17.5xh6.5cm"]
["02887301","ガストロノームバスケット　GN1/4　ナチュラル",3300,1,"4543959397877","26.5x16.0xh6.5cm"]
["02887041","ガストロノームバスケット　GN1/4　ベージュ",3300,1,"4543959397884","26.5x16.0xh6.5cm"]
["02887061","ガストロノームバスケット　GN1/4　ブラウン",3300,1,"4543959397891","26.5x16.0xh6.5cm"]
["02889301","ガストロノームバスケット　GN1/6　ナチュラル",2200,1,"4543959397907","17.5x16.0xh6.5cm"]
["02889041","ガストロノームバスケット　GN1/6　ベージュ",2200,1,"4543959397914","17.5x16.0xh6.5cm"]
["02889061","ガストロノームバスケット　GN1/6　ブラウン",2200,1,"4543959397921","17.5x16.0xh6.5cm"]
["02557301G","フラットトレーＬ　ナチュラル",3700,1,"4543959299010","40.0x30.0xh5.0cm"]
["02557041G","フラットトレーＬ　ベージュ",3700,1,"4543959299027","40.0x30.0xh5.0cm"]
["02557061G","フラットトレーＬ　ブラウン",3700,1,"4543959299034","40.0x30.0xh5.0cm"]
["02782301G","ブレッドボードＳ(ステンレス枠使用)　ナチュラル",4300,1,"4543959297016","40.0x30.0xh1.2cm "]
["02782041G","ブレッドボードＳ(ステンレス枠使用)　ベージュ",4300,1,"4543959297023","40.0x30.0xh1.2cm ","×"]
["02782061G","ブレッドボードＳ(ステンレス枠使用)　ブラウン",4300,1,"4543959297030","40.0x30.0xh1.2cm "]
["02783301G","ブレッドボードＬ(ステンレス枠使用)　ナチュラル",7200,1,"4543959296019","60.0x40.0xh1.2cm "]
["02783041G","ブレッドボードＬ(ステンレス枠使用)　ベージュ",7200,1,"4543959296026","60.0x40.0xh1.2cm ","×"]
["02783061G","ブレッドボードＬ(ステンレス枠使用)　ブラウン",7200,1,"4543959296033","60.0x40.0xh1.2cm "]
["02783541G","ブレッドボードＬ(ステンレス枠使用)　アイボリー",7200,1,"4543959296064","60.0x40.0xh1.2cm ","△"]
["02520301G","カクバスケットＬ　ナチュラル",3700,1,"4543959287017","38.0x29.0xh10.0cm"]
["02520041G","カクバスケットＬ　ベージュ",3700,1,"4543959287024","38.0x29.0xh10.0cm"]
["02520061G","カクバスケットＬ　ブラウン",3700,1,"4543959287031","38.0x29.0xh10.0cm"]
["02520541G","カクバスケットＬ　アイボリー",3700,1,"4543959287048","38.0x29.0xh10.0cm","×"]
["02936301","ウォールバスケットＳ　ナチュラル",2500,1,"4543959389018","20.0x11.0xh12.0/24.0cm"]
["02936041","ウォールバスケットＳ　ベージュ",2500,1,"4543959389025","20.0x11.0xh12.0/24.0cm","×"]
["02936061","ウォールバスケットＳ　ブラウン",2500,1,"4543959389032","20.0x11.0xh12.0/24.0cm"]
["02937301","ウォールバスケットＬ　ナチュラル",3000,1,"4543959389315","30.0x12.0xh15.0/29.0cm"]
["02937041","ウォールバスケットＬ　ベージュ",3000,1,"4543959389322","30.0x12.0xh15.0/29.0cm","×"]
["02937061","ウォールバスケットＬ　ブラウン",3000,1,"4543959389339","30.0x12.0xh15.0/29.0cm"]
["02937541","ウォールバスケットＬ　アイボリー",3000,1,"4543959389346","30.0x12.0xh15.0/29.0cm","×"]
["02781301","アメニティーバスケット　ナチュラル",2000,1,"4543959681013","27.0×13.5xh6.0/8.0cm"]
["02781041","アメニティーバスケット　ベージュ",2000,1,"4543959681020","27.0×13.5xh6.0/8.0cm","×"]
["02781061","アメニティーバスケット　ブラウン",2000,1,"4543959681037","27.0×13.5xh6.0/8.0cm"]
["02781541","アメニティーバスケット　アイボリー",2000,1,"4543959681068","27.0×13.5xh6.0/8.0cm","×"]
["02505301","ダストボックス　ナチュラル",4500,1,"4543959505012","φ24.0xh28.0cm "]
["02505041","ダストボックス　　ベージュ",4500,1,"4543959505029","φ24.0xh28.0cm ","△"]
["02505061","ダストボックス　　ブラウン",4500,1,"4543959505036","φ24.0xh28.0cm "]
["02505541","ダストボックス　　アイボリー",4500,1,"4543959505067","φ24.0xh28.0cm ","△"]
["02609301","ストレージバスケットＭ　ナチュラル",3300,1,"4543959288014","33.5x20.0xh17.0cm"]
["02609061","ストレージバスケットＭ　　ブラウン",3300,1,"4543959288038","33.5x20.0xh17.0cm"]
["02609541","ストレージバスケットＭ　　アイボリー",3300,1,"4543959288069","33.5x20.0xh17.0cm","×"]
["02176301G","ストレージバスケットＬ　ナチュラル",5400,1,"4543959176014","44.0x33.0xh15.0cm"]
["02176041G","ストレージバスケットＬ　　ベージュ",5400,1,"4543959176021","44.0x33.0xh15.0cm","×"]
["02176061G","ストレージバスケットＬ　　ブラウン",5400,1,"4543959176038","44.0x33.0xh15.0cm"]
["02610301","ランドリーバスケット　ナチュラル",6100,1,"4543959610013","36.0x36.0xh28.0cm"]
["02610061","ランドリーバスケット　ブラウン",6100,1,"4543959610037","36.0x36.0xh28.0cm"]
["02610541","ランドリーバスケット　アイボリー",6100,1,"4543959610068","36.0x36.0xh28.0cm","×"]
["02500301","ランドリーボウル　ナチュラル",6700,1,"4543959391011","φ42.0xh19.0cm"]
["02500061","ランドリーボウル　ブラウン",6700,1,"4543959391035","φ42.0xh19.0cm"]
["02172301","ランドリーバスケット　ラウンド　フタ付　ナチュラル",10300,1,"4543959390014","φ35.0xh42.0cm"]
["02172041","ランドリーバスケット　ラウンド　フタ付　ベージュ",10300,1,"4543959390021","φ35.0xh42.0cm","△"]
["02172061","ランドリーバスケット　ラウンド　フタ付　ブラウン",10300,1,"4543959390038","φ35.0xh42.0cm"]
["02316301","ショッピングバスケットＭ　ナチュラル",4400,1,"4543959316014","33.0x13.0xh22.0cm"]
["02316041","ショッピングバスケットＭ　　ベージュ",4400,1,"4543959316021","33.0x13.0xh22.0cm","△"]
["02316061","ショッピングバスケットＭ　　ブラウン",4400,1,"4543959316038","33.0x13.0xh22.0cm"]
["02316541","ショッピングバスケットＭ　　アイボリー",4400,1,"4543959316069","33.0x13.0xh22.0cm"]
["02515301","ショッピングバスケットＬ　ナチュラル",5700,1,"4543959515011","38.0×20.0xh24.0cm"]
["02515061","ショッピングバスケットＬ　　ブラウン",5700,1,"4543959515035","38.0×20.0xh24.0cm"]
["02515541","ショッピングバスケットＬ　　アイボリー",5700,1,"4543959515066","38.0×20.0xh24.0cm","×"]
["02165301","ランドリーバスケット　ウイング　ナチュラル",11500,1,"4543959165018","58.0×46.0xh28.0cm"]
["02165061","ランドリーバスケット　ウイング　ブラウン",11500,1,"4543959165032","58.0×46.0xh28.0cm"]
["02502301","ハンガーバスケット　ナチュラル",8400,1,"4543959502011","45.0×30.0xh25.0cm"]
["02502061","ハンガーバスケット　ブラウン",8400,1,"4543959502035","45.0×30.0xh25.0cm"]
["021002041","ココットＳ　ベージュ",1400,1,"4543959276608","φ10.0xh4.5cm"]
["021002191","ココットＳ　ブラック",1400,1,"4543959276622","φ10.0xh4.5cm"]
["021004041","ココットＭ　ベージュ",1500,1,"4543959276646","φ11.0xh6.0cm"]
["021004191","ココットＭ　ブラック",1500,1,"4543959276660","φ11.0xh6.0cm"]
["021006041","ココットＬ　ベージュ",2000,1,"4543959276684","φ13.0xh6.5cm"]
["021006191","ココットＬ　ブラック",2000,1,"4543959276707","φ13.0xh6.5cm"]
["021008041","ココット　スクエア　ベージュ",1800,1,"4543959276721","9.5×9.5xh7.5cm "]
["021008191","ココット　スクエア　ブラック",1800,1,"4543959276745","9.5×9.5xh7.5cm "]
["021010041","スクエアプレート　ベージュ",2000,1,"4543959276769","15.5x15.5xh3.5cm"]
["021010191","スクエアプレート　ブラック",2000,1,"4543959276783","15.5x15.5xh3.5cm"]
["021012041","レクタングラープレートＳ　ベージュ",2000,1,"4543959276806","28.0x6.0xh4.5cm"]
["021012191","レクタングラープレートＳ　ブラック",2000,1,"4543959276820","28.0x6.0xh4.5cm"]
["021014041","レクタングラープレートＬ　ベージュ",2300,1,"4543959276844","24.0x8.5xh5.0cm"]
["021014191","レクタングラープレートＬ　ブラック",2300,1,"4543959276868","24.0x8.5xh5.0cm"]
["021016041","オーバルプレート　ベージュ",3000,1,"4543959276882","22.5x16.5xh5.5cm"]
["021016191","オーバルプレート　ブラック",3000,1,"4543959276905","22.5x16.5xh5.5cm"]
["021018041","ウイングプレート　ベージュ",4200,1,"4543959276929","31.5x13.5xh7.5cm"]
["021018191","ウイングプレート　ブラック",4200,1,"4543959276943","31.5x13.5xh7.5cm"]
["021020041","ラウンドプレート　ベージュ",4500,1,"4543959276967","φ28.5xh4.5cm"]
["021020191","ラウンドプレート　ブラック",4500,1,"4543959276981","φ28.5xh4.5cm "]
["BP02700301","ルアノヴァ　フルーツプレート　アンティークホワイト ",2200,2,"4543959845422","φ22.0xh2.5cm "]
["BP02700306","ルアノヴァ　フルーツプレート　グレー",2200,2,"4543959846375","φ22.0xh2.5cm "]
["BP02700309","ルアノヴァ　フルーツプレート　フォレストグリーン",2200,2,"4543959731640","φ22.0xh2.5cm "]
["BP02700305","ルアノヴァ　フルーツプレート　ブルー",2200,2,"4543959847532","φ22.0xh2.5cm "]
["BP02700304","ルアノヴァ　フルーツプレート　ミントグリーン",2200,2,"4543959846450","φ22.0xh2.5cm "]
["BP02700201","ルアノヴァ　ディナープレート　アンティークホワイト ",2500,2,"4543959845415","φ28.0xh2.5cm"]
["BP02700206","ルアノヴァ　ディナープレート　グレー",2500,2,"4543959846368","φ28.0xh2.5cm"]
["BP02700209","ルアノヴァ　ディナープレート　フォレストグリーン",2500,2,"4543959731633","φ28.0xh2.5cm"]
["BP02700205","ルアノヴァ　ディナープレート　ブルー",2500,2,"4543959747528","φ28.0xh2.5cm"]
["BP02700204","ルアノヴァ　ディナープレート　ミントグリーン",2500,2,"4543959846443","φ28.0xh2.5cm"]
["BP02700202","ルアノヴァ　ディナープレート　ピンク",2500,2,"4543959731763","φ28.0xh2.5cm"]
["BP02700101","ルアノヴァ　チャージャープレート　アンティークホワイト ",5200,2,"4543959845408","φ34.0xh3.0cm"]
["BP02700106","ルアノヴァ　チャージャープレート　グレー",5200,2,"4543959846351","φ34.0xh3.0cm"]
["BP02700109","ルアノヴァ　チャージャープレート　フォレストグリーン",5200,2,"4543959731626","φ34.0xh3.0cm"]
["BP02700105","ルアノヴァ　チャージャープレート　ブルー",5200,2,"4543959847518","φ34.0xh3.0cm"]
["BP02700104","ルアノヴァ　チャージャープレート　ミントグリーン",5200,2,"4543959846436","φ34.0xh3.0cm"]
["BP02700102","ルアノヴァ　チャージャープレート　ピンク",5200,2,"4543959731756","φ34.0xh3.0cm"]
["BP02702101","ルアノヴァ　トルテトレー　アンティークホワイト ",4800,2,"4543959845446","49.5x15.5xh2.0cm"]
["BP02702106","ルアノヴァ　トルテトレー　グレー",4800,2,"4543959846382","49.5x15.5xh2.0cm"]
["BP02702109","ルアノヴァ　トルテトレー　フォレストグリーン",4800,2,"4543959731657","49.5x15.5xh2.0cm"]
["BP02702105","ルアノヴァ　トルテトレー　ブルー",4800,2,"4543959847556","49.5x15.5xh2.0cm"]
["BP02702104","ルアノヴァ　トルテトレー　ミントグリーン",4800,2,"4543959846467","49.5x15.5xh2.0cm"]
["BP02702102","ルアノヴァ　トルテトレー　ピンク",4800,2,"4543959731787","49.5x15.5xh2.0cm"]
["BP02703901","ルアノヴァ　ボウルＳ　アンティークホワイト ",2300,2,"4543959847686","φ12.0xh5.5cm"]
["BP02703906","ルアノヴァ　ボウルＳ　グレー",2300,2,"4543959847716","φ12.0xh5.5cm"]
["BP02703909","ルアノヴァ　ボウルＳ　フォレストグリーン",2300,2,"4543959731732","φ12.0xh5.5cm"]
["BP02703905","ルアノヴァ　ボウルＳ　ブルー",2300,2,"4543959847709","φ12.0xh5.5cm"]
["BP02703904","ルアノヴァ　ボウルＳ　ミントグリーン",2300,2,"4543959847693","φ12.0xh5.5cm"]
["BP02703902","ルアノヴァ　ボウルＳ　ピンク",2300,2,"4543959731862","φ12.0xh5.5cm"]
["BP02700401","ルアノヴァ　ボウルM　アンティークホワイト ",2600,2,"4543959845514","φ16.0xh7.0cm"]
["BP02700406","ルアノヴァ　ボウルM　グレー",2600,2,"4543959846429","φ16.0xh7.0cm"]
["BP02700409","ルアノヴァ　ボウルM　フォレストグリーン",2600,2,"4543959731695","φ16.0xh7.0cm"]
["BP02700405","ルアノヴァ　ボウルM　ブルー",2600,2,"4543959847624","φ16.0xh7.0cm"]
["BP02700404","ルアノヴァ　ボウルM　ミントグリーン",2600,2,"4543959846504","φ16.0xh7.0cm"]
["BP02703801","ルアノヴァ　エッグカップ　アンティークホワイト ",1700,2,"4543959847723","φ5.0xh5.5cm"]
["BP02703806","ルアノヴァ　エッグカップ　グレー",1700,2,"4543959847754","φ5.0xh5.5cm"]
["BP02703809","ルアノヴァ　エッグカップ　フォレストグリーン",1700,2,"4543959731725","φ5.0xh5.5cm"]
["BP02703805","ルアノヴァ　エッグカップ　ブルー",1700,2,"4543959847747","φ5.0xh5.5cm"]
["BP02703804","ルアノヴァ　エッグカップ　ミントグリーン",1700,2,"4543959847730","φ5.0xh5.5cm"]
["BP02703802","ルアノヴァ　エッグカップ　ピンク",1700,2,"4543959731855","φ5.0xh5.5cm"]
["BP02703701","ルアノヴァ　スープカップ　アンティークホワイト ",1800,2,"4543959847761","φ8.5xh9.0cm"]
["BP02703706","ルアノヴァ　スープカップ　グレー",1800,2,"4543959847792","φ8.5xh9.0cm"]
["BP02703704","ルアノヴァ　スープカップ　ミントグリーン",1800,2,"4543959847778","φ8.5xh9.0cm"]
["BP02703705","ルアノヴァ　スープカップ　ブルー",1800,2,"4543959847785","φ8.5xh9.0cm"]
["BP02705106","ルアノヴァ　マグカップ　スモール　グレー",2000,2,"4543959732012","13.0x10.0xh10.0cm"]
["BP02705105","ルアノヴァ　マグカップ　スモール　ブルー",2000,2,"4543959732005","13.0x10.0xh10.0cm"]
["BP02705102","ルアノヴァ　マグカップ　スモール　ピンク",2000,2,"4543959731879","13.0x10.0xh10.0cm"]
["BP02700501","ルアノヴァ　マグカップ　アンティークホワイト ",2800,2,"4543959845477","13.0x10.0xh10.0cm"]
["BP02700506","ルアノヴァ　マグカップ　グレー",2800,2,"4543959846399","13.0x10.0xh10.0cm"]
["BP02700509","ルアノヴァ　マグカップ　フォレストグリーン",2800,2,"4543959731664","13.0x10.0xh10.0cm"]
["BP02700505","ルアノヴァ　マグカップ　ブルー",2800,2,"4543959847587","13.0x10.0xh10.0cm"]
["BP02700504","ルアノヴァ　マグカップ　ミントグリーン",2800,2,"4543959846474","13.0x10.0xh10.0cm"]
["BP02700502","ルアノヴァ　マグカップ　ピンク",2800,2,"4543959731794","13.0x10.0xh10.0cm"]
["BP02702701","ルアノヴァ　ティーカップ＆ソーサー　ホワイト ",4200,2,"4543959845484","13.0x11.0xh5.3cm ソーサーφ17.0cm"]
["BP02702706","ルアノヴァ　ティーカップ＆ソーサー　グレー",4200,2,"4543959846405","13.0x11.0xh5.3cm ソーサーφ17.0cm"]
["BP02702709","ルアノヴァ　ティーカップ＆ソーサー　フォレストグリーン",4200,2,"4543959731671","13.0x11.0xh5.3cm ソーサーφ17.0cm"]
["BP02702705","ルアノヴァ　ティーカップ＆ソーサー　ブルー",4200,2,"4543959847563","13.0x11.0xh5.3cm ソーサーφ17.0cm"]
["BP02702704","ルアノヴァ　ティーカップ＆ソーサー　ミントグリーン",4200,2,"4543959846481","13.0x11.0xh5.3cm ソーサーφ17.0cm"]
["BP02702702","ルアノヴァ　ティーカップ＆ソーサー　ピンク",4200,2,"4543959731800","13.0x11.0xh5.3cm ソーサーφ17.0cm"]
["BP02702306","ルアノヴァ　ミルクジャグ　グレー",3300,1,"4543959846412","15.0x10.0xh10.0cm"]
["BP02702305","ルアノヴァ　ミルクジャグ　ブルー",3300,1,"4543959847570","15.0x10.0xh10.0cm"]
["BP02702304","ルアノヴァ　ミルクジャグ　ミントグリーン",3300,1,"4543959846498","15.0x10.0xh10.0cm"]
["BP02702406","ルアノヴァ　シュガーポット　グレー",4800,1,"4543959846559","11.0x10.0xh10.5cm"]
["BP02702405","ルアノヴァ　シュガーポット　ブルー",4800,1,"4543959847594","11.0x10.0xh10.5cm"]
["BP02702404","ルアノヴァ　シュガーポット　ミントグリーン",4800,1,"4543959846535","11.0x10.0xh10.5cm"]
["BP02702201","ルアノヴァ　ティーポット　アンティークホワイト ",11000,1,"4543959846528","26.0x17.0xh21.2cm"]
["BP02702206","ルアノヴァ　ティーポット　グレー",11000,1,"4543959846566","26.0x17.0xh21.2cm"]
["BP02702209","ルアノヴァ　ティーポット　フォーレストグリーン",11000,1,"4543959731718","26.0x17.0xh21.2cm"]
["BP02702205","ルアノヴァ　ティーポット　ブルー",11000,1,"4543959847600","26.0x17.0xh21.2cm"]
["BP02702204","ルアノヴァ　ティーポット　ミントグリーン",11000,1,"4543959846542","26.0x17.0xh21.2cm"]
["BP02702202","ルアノヴァ　ティーポット　ピンク",11000,1,"4543959731848","26.0x17.0xh21.2cm"]
["BP02701701","ルアノヴァ　ケーキスタンドＬ　アンティークホワイト ",6800,1,"4543959845460","φ28.0xh10.5cm"]
["BP02701601","ルアノヴァ　フルーツコンポート　アンティークホワイト ",8500,1,"4543959732036","φ35.0xh7.5cm"]
["BP02701501","ルアノヴァ　チーズトレー　アンティークホワイト ",7000,1,"4543959845439","φ35.0xh4.0cm"]
["BP02701001","ルアノヴァ　サラダボウル35　アンティークホワイト ",10000,1,"4543959845545","42.5x35.0xh9.0cm"]
["BP02701101","ルアノヴァ　フルーツボウル　アンティークホワイト ",9600,1,"4543959845521","φ35.0xh11.0cm"]
["BP02701401","ルアノヴァ　ピッチャー　アンティークホワイト ",8000,1,"4543959845507","22.5x14.0xh25.0cm"]
["BP02501001","ブルーミー　ブレッドプレート　ホワイト",1400,2,"4543959845293","φ16.5xh2.5cm"]
["BP02501002","ブルーミー　ブレッドプレート　ピンク",1400,2,"4543959845309","φ16.5xh2.5cm"]
["BP02501003","ブルーミー　ブレッドプレート　パープル",1400,2,"4543959845316","φ16.5xh2.5cm"]
["BP02500301","ブルーミー　デザートプレート　ホワイト",2700,2,"4543959845071","φ22.0xh2.2cm"]
["BP02500302","ブルーミー　デザートプレート　ピンク",2700,2,"4543959845088","φ22.0xh2.2cm"]
["BP02500303","ブルーミー　デザートプレート　パープル",2700,2,"4543959845095","φ22.0xh2.2cm"]
["BP02500201","ブルーミー　ディナープレート　ホワイト",3600,2,"4543959845040","φ27.5xh2.7cm"]
["BP02500202","ブルーミー　ディナープレート　ピンク",3600,2,"4543959845057","φ27.5xh2.7cm"]
["BP02500203","ブルーミー　ディナープレート　パープル",3600,2,"4543959845064","φ27.5xh2.7cm"]
["BP02500101","ブルーミー　チャージャープレート　ホワイト",5300,2,"4543959845019","φ35.0xh2.5cm"]
["BP02500102","ブルーミー　チャージャープレート　ピンク",5300,2,"4543959845026","φ35.0xh2.5cm"]
["BP02500103","ブルーミー　チャージャープレート　パープル",5300,2,"4543959845033","φ35.0xh2.5cm"]
["BP02501601","ブルーミー　プチボウル　ホワイト",1600,2,"4543959845323","φ11.5xh5cm"]
["BP02501602","ブルーミー　プチボウル　ピンク",1600,2,"4543959845330","φ11.5xh5cm"]
["BP02501603","ブルーミー　プチボウル　パープル",1600,2,"4543959845347","φ11.5xh5cm"]
["BP02500501","ブルーミー　ボウルMトール　ホワイト",2200,2,"4543959845224","φ14.0xh9.0cm"]
["BP02500502","ブルーミー　ボウルMトール　ピンク",2200,2,"4543959845231","φ14.0xh9.0cm"]
["BP02500503","ブルーミー　ボウルMトール　パープル",2200,2,"4543959845248","φ14.0xh9.0cm"]
["BP02500401","ブルーミー　ボウルMワイド　ホワイト",2200,2,"4543959845101","φ17.0xh7.5cm"]
["BP02500402","ブルーミー　ボウルMワイド　ピンク",2200,2,"4543959845118","φ17.0xh7.5cm"]
["BP02500403","ブルーミー　ボウルMワイド　パープル",2200,2,"4543959845125","φ17.0xh7.5cm"]
["BP02501101","ブルーミー　サービングボウル　ホワイト",5000,1,"4543959845132","φ27.0xh10.0cm"]
["BP02501102","ブルーミー　サービングボウル　ピンク",5000,1,"4543959845149","φ27.0xh10.0cm"]
["BP02501103","ブルーミー　サービングボウル　パープル",5000,1,"4543959845156","φ27.0xh10.0cm"]
["BP02500901","ブルーミー　ティーカップ　ホワイト",2400,2,"4543959845262","10.5x13.5xh7.0cm"]
["BP02500902","ブルーミー　ティーカップ　ピンク",2400,2,"4543959845279","10.5x13.5xh7.0cm"]
["BP02500903","ブルーミー　ティーカップ　パープル",2400,2,"4543959845286","10.5x13.5xh7.0cm"]
["BP02600901","ブルーミー　バタフライディッシュ　ホワイト",1400,2,"4543959845354","10.5x10.5xh3.0cm"]
["BP02600902","ブルーミー　バタフライディッシュ　ピンク",1400,2,"4543959845361","10.5x10.5xh3.0cm"]
["BP02500701","ブルーミー　ケーキスタンドＳ　ホワイト",3700,1,"4543959845163","φ22.0xh7.5cm"]
["BP02500801","ブルーミー　ケーキスタンドＬ　ホワイト",6700,1,"4543959845194","φ35.0xh10.0cm"]
["BP01812401","ブルーミー　パインコーン　ホワイト",4500,1,"4543959845385","φ11.5xh20.5cm"]
["BP01812406","ブルーミー　パインコーン　グレー",4500,1,"4543959845392","φ11.5xh20.5cm"]
["BP01130704","キャベツ　デザートプレート　グリーン",2200,2,"4543959732098","φ19.0xh2.5cm"]
["BP01130701","キャベツ　デザートプレート　ホワイト",2200,2,"4543959732081","φ19.0xh2.5cm"]
["BP01130204","キャベツ　ディナープレート　グリーン",2500,2,"4543959732074","φ26.5xh3.0cm"]
["BP01130201","キャベツ　ディナープレート　ホワイト",2500,2,"4543959732067","φ26.5xh3.0cm"]
["BP01130104","キャベツ　チャージャープレート　グリーン",5000,2,"4543959732050","φ30.5xh3.5cm"]
["BP01139304","キャベツ　オーバルプラッター　グリーン",5200,2,"4543959732043","37.5x26.0xh3.5cm"]
["BP01632204","キャベツ　チュリーンＳ　グリーン",4800,2,"4543959732135","φ13.0xh10.5cm"]
["BP01632304","キャベツ　チュリーンＭ　グリーン",5200,2,"4543959732128","φ15.3xh11.8cm"]
["BP01138304","キャベツ　ソースボート　グリーン",3000,2,"4543959732142","25.0x12.5xh9.0cm"]
["BP01133804","キャベツ　カールリーフプレート　グリーン",2900,2,"4543959732159","12.0x11.0xh6.0cm"]
["BP01134704","キャベツ　リーフプレート　グリーン",3200,2,"4543959732173","25.0x17.0xh5.0cm"]
["BP01133504","キャベツ　ボウル＆リーフプレート　グリーン",5300,2,"4543959732166","28.0x20.0xh5.0cm"]
["BP01138904","キャベツ　プチリーフボウル　グリーン",1400,2,"4543959732197","9.0x7.5xh3.0cm"]
["BP01138901","キャベツ　プチリーフボウル　ホワイト",1400,2,"4543959732180","9.0x7.5xh3.0cm"]
["BP01135504","キャベツ　プチボウル　グリーン",1600,2,"4543959732258","9.0x7.5xh4.5cm"]
["BP01135501","キャベツ　プチボウル　ホワイト",1600,2,"4543959732241","9.0x7.5xh4.5cm"]
["BP02334004","キャベツ　エッグカップ　ホワイト",2700,2,"4543959733262","φ7.1xh5.1cm"]
["BP01137804","キャベツ　ボウルＳ　グリーン",2200,2,"4543959732234","15.0x15.0xh5.5cm"]
["BP01137801","キャベツ　ボウルＳ　ホワイト",2200,2,"4543959732227","15.0x15.0xh5.5cm"]
["BP01135604","キャベツ　ボウルＭ　グリーン",2600,2,"4543959732210","17.5x17.0xh6.0cm"]
["BP01135704","キャベツ　サラダボウル　グリーン",3800,2,"4543959732203","22.5x22.0xh7.0cm"]
["BP01134304","キャベツ　オリーブディッシュ　グリーン",4000,2,"4543959732517","21.5x21.5xh6.5cm"]
["BP01138404","キャベツ　チーズトレー　グリーン",11500,1,"4543959732265","35.0x35.0xh17.5cm"]
["BP02590704","フローラ　プラッター　グリーン",6000,1,"4543959733279","45.3x25.9xh4.1cm"]
["BP02590101","フローラ　チャージャープレート　アンティークホワイト",5800,1,"4543959733286","φ34.5xh3.2cm"]
["BP02590601","フローラ　ティーカップ　アンティークホワイト",3200,2,"4543959733293","13.0x10.3xh8.6cm(325ml)"]
["BP02590201","フローラ　ディナープレート　アンティークホワイト",2600,2,"4543959733309","φ29.0xh3.2cm"]
["BP02590205","フローラ　ディナープレート　ブルー",2600,2,"4543959733316","φ29.0xh3.2cm"]
["BP02590204","フローラ　ディナープレート　グリーン",2600,2,"4543959733323","φ29.0xh3.2cm"]
["BP02590206","フローラ　ディナープレート　グレー",2600,2,"4543959733507","φ29.0xh3.2cm"]
["BP02590301","フローラ　デザートプレート　アンティークホワイト",2000,2,"4543959733330","φ22.9xh3.0cm"]
["BP02590305","フローラ　デザートプレート　ブルー",2000,2,"4543959733347","φ22.9xh3.0cm"]
["BP02590304","フローラ　デザートプレート　グリーン",2000,2,"4543959733354","φ22.9xh3.0cm"]
["BP02590306","フローラ　デザートプレート　グレー",2000,2,"4543959733514","φ22.9xh3.0cm"]
["BP02591001","フローラ　ボウルＭ　アンティークホワイト",2500,2,"4543959733361","φ17.0xh5.5cm(495ml)"]
["BP02591010","フローラ　ボウルＭ　イエロー",2500,2,"4543959733378","φ17.0xh5.5cm(495ml)"]
["BP02591011","フローラ　ボウルＭ　オレンジ",2500,2,"4543959733385","φ17.0xh5.5cm(495ml)"]
["BP02591002","フローラ　ボウルＭ　ピンク",2500,2,"4543959733392","φ17.0xh5.5cm(495ml)"]
["BP02591003","フローラ　ボウルＭ　パープル",2500,2,"4543959733408","φ17.0xh5.5cm(495ml)"]
["BP02590901","フローラ　ボウルＳ　アンティークホワイト",2100,2,"4543959733415","φ12.4xh5.7cm(285ml)"]
["BP02590910","フローラ　ボウルＳ　イエロー",2100,2,"4543959733422","φ12.4xh5.7cm(285ml)"]
["BP02590911","フローラ　ボウルＳ　オレンジ",2100,2,"4543959733439","φ12.4xh5.7cm(285ml)"]
["BP02590902","フローラ　ボウルＳ　ピンク",2100,2,"4543959733446","φ12.4xh5.7cm(285ml)"]
["BP02590903","フローラ　ボウルＳ　パープル",2100,2,"4543959733453","φ12.4xh5.7cm(285ml)"]
["BP02590510","フローラ　プチカップ　イエロー",1800,2,"4543959733460","φ6.3xh6.8cm(100ml)"]
["BP02590511","フローラ　プチカップ　オレンジ",1800,2,"4543959733477","φ6.3xh6.8cm(100ml)"]
["BP02590502","フローラ　プチカップ　ピンク",1800,2,"4543959733484","φ6.3xh6.8cm(100ml)"]
["BP02590503","フローラ　プチカップ　パープル",1800,2,"4543959733491","φ6.3xh6.8cm(100ml)"]
["BP01990301","ファンタジア　デザートプレート　サンディグレー",1600,2,"4543959732579","φ22.0xh2.8cm"]
["BP01990302","ファンタジア　デザートプレート　ローズ",1600,2,"4543959732586","φ22.0xh2.8cm"]
["BP01990304","ファンタジア　デザートプレート　アクアグリーン",1600,2,"4543959846221","φ22.0xh2.8cm"]
["BP01990308","ファンタジア　デザートプレート　ベージュ",1600,2,"4543959846207","φ22.0xh2.8cm"]
["BP01990307","ファンタジア　デザートプレート　ココア",1600,2,"4543959846214","φ22.0xh2.8cm"]
["BP01990201","ファンタジア　ディナープレート　サンディグレー",2200,2,"4543959732593","φ29.0xh2.5cm"]
["BP01990202","ファンタジア　ディナープレート　ローズ",2200,2,"4543959732609","φ29.0xh2.5cm"]
["BP01990204","ファンタジア　ディナープレート　アクアグリーン",2200,2,"4543959846252","φ29.0xh2.5cm"]
["BP01990208","ファンタジア　ディナープレート　ベージュ",2200,2,"4543959846238","φ29.0xh2.5cm"]
["BP01990207","ファンタジア　ディナープレート　ココア",2200,2,"4543959846245","φ29.0xh2.5cm"]
["BP01990401","ファンタジア　スーププレート　サンディグレー",2200,2,"4543959732616","φ21.0xh5.5cm"]
["BP01990402","ファンタジア　スーププレート　ローズ",2200,2,"4543959732623","φ21.0xh5.5cm"]
["BP01990404","ファンタジア　スーププレート　アクアグリーン",2200,2,"4543959846283","φ21.0xh5.5cm"]
["BP01990408","ファンタジア　スーププレート　ベージュ",2200,2,"4543959846269","φ21.0xh5.5cm"]
["BP01990407","ファンタジア　スーププレート　ココア",2200,2,"4543959846276","φ21.0xh5.5cm"]
["BP01993601","ファンタジア　トルテトレー　サンディグレー",3900,2,"4543959732654","45.5x18xh2.9cm"]
["BP01993602","ファンタジア　トルテトレー　ローズ",3900,2,"4543959732661","45.5x18xh2.9cm"]
["BP01993604","ファンタジア　トルテトレー　アクアグリーン",3900,2,"4543959846344","45.5x18xh2.9cm"]
["BP01993608","ファンタジア　トルテトレー　ベージュ",3900,2,"4543959846320","45.5x18xh2.9cm"]
["BP01993607","ファンタジア　トルテトレー　ココア",3900,2,"4543959846337","45.5x18xh2.9cm"]
["BP01993201","ファンタジア　カフェオレボウル　サンディグレー",1800,2,"4543959732630","φ14.5xh7.6cm"]
["BP01993202","ファンタジア　カフェオレボウル　ローズ",1800,2,"4543959732647","φ14.5xh7.6cm"]
["BP01993204","ファンタジア　カフェオレボウル　アクアグリーン",1800,2,"4543959846313","φ14.5xh7.6cm"]
["BP01993208","ファンタジア　カフェオレボウル　ベージュ",1800,2,"4543959846290","φ14.5xh7.6cm"]
["BP01993207","ファンタジア　カフェオレボウル　ココア",1800,2,"4543959846306","φ14.5xh7.6cm"]
["BP01993301","ファンタジア　マグカップ　サンディグレー",2400,2,"4543959732678","13.0x9.0xh11.0cm"]
["BP01993302","ファンタジア　マグカップ　ローズ",2400,2,"4543959732685","13.0x9.0xh11.0cm"]
["BP01993304","ファンタジア　マグカップ　アクアグリーン",2400,2,"4543959846627","13.0x9.0xh11.0cm"]
["BP01993308","ファンタジア　マグカップ　ベージュ",2400,2,"4543959846603","13.0x9.0xh11.0cm"]
["BP01993101","ファンタジア　ティーカップ＆ソーサー　サンディグレー",3500,2,"4543959732692","13.0×9.0xh7.5cm ソーサー φ16.0cm　"]
["BP01993102","ファンタジア　ティーカップ＆ソーサー　ローズ",3500,2,"4543959732708","13.0×9.0xh7.5cm ソーサー φ16.0cm　"]
["BP01993104","ファンタジア　ティーカップ＆ソーサー　アクアグリーン",3500,2,"4543959846658","13.0×9.0xh7.5cm ソーサー φ16.0cm　"]
["BP01993108","ファンタジア　ティーカップ＆ソーサー　ベージュ",3500,2,"4543959846634","13.0×9.0xh7.5cm ソーサー φ16.0cm　"]
["BP01993107","ファンタジア　ティーカップ＆ソーサー　ココア",3500,2,"4543959846641","13.0×9.0xh7.5cm ソーサー φ16.0cm　"]
["BP01993804","ファンタジア　ミルクジャグ　アクアグリーン",2600,2,"4543959846689","13.5x10.0xh9.0cm"]
["BP01993808","ファンタジア　ミルクジャグ　ベージュ",2600,2,"4543959846665","13.5x10.0xh9.0cm"]
["BP01993807","ファンタジア　ミルクジャグ　ココア",2600,2,"4543959846672","13.5x10.0xh9.0cm"]
["BP01993704","ファンタジア　シュガーポット　アクアグリーン",3600,1,"4543959846719","10.5x10.5xh11.0cm"]
["BP01993708","ファンタジア　シュガーポット　ベージュ",3600,1,"4543959846696","10.5x10.5xh11.0cm"]
["BP01993707","ファンタジア　シュガーポット　ココア",3600,1,"4543959846702","10.5x10.5xh11.0cm"]
["BP01994108","ファンタジア　サラダボウル　ベージュ",3900,1,"4543959846573","φ23.3xh9.5cm"]
["BP01993904","ファンタジア　ティーポット　アクアグリーン",6500,1,"4543959846740","26.4x15.3xh15.0cm"]
["BP01993908","ファンタジア　ティーポット　ベージュ",6500,1,"4543959846726","26.4x15.3xh15.0cm"]
["BP01993907","ファンタジア　ティーポット　ココア",6500,1,"4543959846733","26.4x15.3xh15.0cm"]
["BP068514","ストロベリー　フルーツプレート",2600,2,"4543959847914","φ20.0xh2.5cm"]
["BP072101","ストロベリー　ボウル",3000,2,"4543959847921","φ18.5xh5.5cm"]
["BP014303","ストロベリー　ディナープレート",3600,2,"4543959731893","φ26.0xh3.5cm"]
["BP014316","ストロベリー　サラダボウル",5000,1,"4543959732524","φ23.5xh6.5cm"]
["BP012009","ストロベリー　オリーブディッシュ 　",3000,2,"4543959847907","21.0×15.0xh5.0cm"]
["BP014305","ストロベリー　チュリーン",4800,2,"4543959732531","21.0×15.0xh5.0cm"]
["BP02540351","バスク　ブレッドプレート　うさぎ",2600,2,"4543959844470","φ15.2xh1.0cm"]
["BP02540352","バスク　ブレッドプレート　きじ",2600,2,"4543959844487","φ15.2xh1.0cm"]
["BP02540353","バスク　ブレッドプレート　しか",2600,2,"4543959844494","φ15.2xh1.0cm"]
["BP02540354","バスク　ブレッドプレート　いのしし",2600,2,"4543959844500","φ15.2xh1.0cm"]
["BP02540651","バスク　スナックプレート　うさぎ",3400,2,"4543959844517","φ24.0xh2.3cm"]
["BP02540652","バスク　スナックプレート　きじ",3400,2,"4543959847808","φ24.0xh2.3cm"]
["BP02540653","バスク　スナックプレート　しか",3400,2,"4543959847815","φ24.0xh2.3cm"]
["BP02540654","バスク　スナックプレート　いのしし",3400,2,"4543959847822","φ24.0xh2.3cm"]
["BP02541051","バスク　マグカップ　うさぎ",4800,2,"4543959847839","13.7x9.8xh10.2cm"]
["BP02541052","バスク　マグカップ　きじ",4800,2,"4543959847846","13.7x9.8xh10.2cm"]
["BP02541053","バスク　マグカップ　しか",4800,2,"4543959847853","13.7x9.8xh10.2cm"]
["BP02541054","バスク　マグカップ　いのしし",4800,2,"4543959847860","13.7x9.8xh10.2cm"]
["BP021103","バスク　フルーツプレート",2600,2,"4543959846795","φ24.0xh2.5cm"]
["BP021102","バスク　ディナープレート",3400,2,"4543959846801","φ28.0xh2.1cm"]
["BP021101","バスク　チャージャープレート",5200,2,"4543959847983","φ32.5xh3.2cm"]
["BP021112","バスク　ボウル",3400,2,"4543959846818","φ15.5xh7.5cm "]
["BP021111","バスク　パスタプレート",5600,2,"4543959844463","φ29.3xh6.0cm "]
["BP046037","バスク　ピッチャー　グレープ",8000,1,"4543959846955","20.0x14.0xh14.0cm"]
["BP046067","バスク　ピッチャー　ふくろう",11000,1,"4543959731886","16.0x12.0xh23.5cm"]
["BP015637","バスク　ピッチャー　きつね",10000,1,"4543959847884","18.5x14.0xh19.5cm"]
["BP025413","バスク　ピッチャー　うさぎ",18000,1,"4543959847877","19.0x15.0xh22.0cm"]
["BP028009","マリアフラワー　デイジー　デザートプレート　",2500,2,"4543959846016","φ23.0xh2.5cm"]
["BP028013","マリアフラワー　デイジー　ボウル",2600,2,"4543959846023","φ15.5xh7.0cm"]
["BP028011","マリアフラワー　コスモス　デザートプレート　",2500,2,"4543959733095","φ23.0xh2.5cm"]
["BP028014","マリアフラワー　コスモス　ボウル",2600,2,"4543959733101","φ16.0xh6.5cm"]
["BP028010","マリアフラワー　ダリア　デザートプレート　",2500,2,"4543959846047","φ22.0xh2.5cm"]
["BP028012","マリアフラワー　ダリア　ボウル",2600,2,"4543959846054","φ16.0xh7.0cm"]
["BP028008","マリアフラワー　ホリホック　デザートプレート　",2500,2,"4543959732548","φ22.0xh2.5cm"]
["BP028007","マリアフラワー　ホリホック　ボウル",2600,2,"4543959732555","φ16.0xh7.0cm"]
["BP028015","マリアフラワー　デイジー　サラダボウル",7200,1,"4543959732562","27.0x24.0xh9.0cm(1000ml)"]
["BP028006","マリアフラワー　デイジー　ピッチャー",10500,1,"4543959846030","18.5x15.0ｘh26.0cm"]
["BP028016","マリアフラワー　デイジー　センターピース",12000,1,"4543959847938","47.0x42.0xh6.0cm"]
["BP028003","マリアフラワー　コスモス　ケーキスタンドＬ",9500,1,"4543959847945","37.0x34.5xh12.0cm"]
["BP028004","マリアフラワー　コスモス　チャージャープレート",7200,1,"4543959847952","37.0x34.5xh2.5cm"]
["BP028002","マリアフラワー　ダリア　ケーキスタンドＭ",7200,1,"4543959847969","31.0x28.0xh10.0cm"]
["BP028017","マリアフラワー　ダリア　ディナープレート",3300,1,"4543959847976","30.3x27.5xh3.0cm"]
["BP01260601","ゼラニウム　フルーツプレート　ホワイト",1800,2,"4543959731589","φ22.0xh2.0cm"]
["BP01260604","ゼラニウム　フルーツプレート　グリーン",1800,2,"4543959731596","φ22.0xh2.0cm"]
["BP01260301","ゼラニウム　ディナープレート　ホワイト",2400,2,"4543959731565","φ27.5xh3.5cm"]
["BP01260304","ゼラニウム　ディナープレート　グリーン",2400,2,"4543959731572","φ27.5xh3.5cm"]
["BP01260201","ゼラニウム　チャージャープレート　ホワイト",4700,2,"4543959731541","φ33.0xh4.0cm"]
["BP01260204","ゼラニウム　チャージャープレート　グリーン",4700,2,"4543959731558","φ33.0xh4.0cm"]
["BP01261404","ゼラニウム　レリーフプレート　グリーン",5500,1,"4543959731510","39.0x30.0xh4.0cm"]
["BP01262004","ゼラニウム　ケーキスタンド　グリーン",7700,1,"4543959731619","φ33.0xh13.0cm"]
["BP026079","ブルーバード　リーフプレート",4800,1,"4543959732715","19.0x19.0xh7.5cm"]
["BP040100","フォックス　ダブルリーフプレート",5800,1,"4543959732722","34.0x19.0xh9.0cm"]
["BP040002","バナナリーフプレート",4900,2,"4543959732739","26.5x14.5xh4.5cm"]
["BP040052","サンフラワーリーフプレート",4900,2,"4543959732746","31.0x21.0xh4.0cm"]
["BP02470301","アーティチョーク　ブレッドプレート　ホワイト",2200,2,"4543959846061","17.5x14.8xh2.1cm"]
["BP02470304","アーティチョーク　ブレッドプレート　グリーン",2200,2,"4543959846078","17.5x14.8xh2.1cm"]
["BP02470201","アーティチョーク　フルーツプレート　ホワイト",2600,2,"4543959846085","23.8x20.3xh2.4cm"]
["BP02470204","アーティチョーク　フルーツプレート　グリーン",2600,2,"4543959846092","23.8x20.3xh2.4cm"]
["BP02470101","アーティチョーク　ディナープレート　ホワイト",3600,2,"4543959846108","31.5x26.8xh3.1cm"]
["BP02470104","アーティチョーク　ディナープレート　グリーン",3600,2,"4543959846115","31.5x26.8xh3.1cm"]
["BP02470601","アーティチョーク　パスタプレート　ホワイト",3600,2,"4543959846122","28.2x23.7xh5.2cm"]
["BP02470604","アーティチョーク　パスタプレート　グリーン",3600,2,"4543959846139","28.2x23.7xh5.2cm"]
["BP02470801","アーティチョーク　ボウルＳ　ホワイト",2600,2,"4543959846146","14.4x12.0xh5.0cm"]
["BP02470804","アーティチョーク　ボウルＳ　グリーン",2600,2,"4543959846153","14.4x12.0xh5.0cm"]
["BP02470901","アーティチョーク　ボウルＭ　ホワイト",3100,2,"4543959846160","18.0x15.0xh6.0cm"]
["BP02470904","アーティチョーク　ボウルＭ　グリーン",3100,2,"4543959846177","18.0x15.0xh6.0cm"]
["BP02471001","アーティチョーク　ボックス　ホワイト",8000,1,"4543959846184","14.0x14.0xh17.0cm"]
["BP02471004","アーティチョーク　ボックス　グリーン",8000,1,"4543959846191","14.0x14.0xh17.0cm"]
["BP02532701","パロディア　ブレッドプレート　アンティークホワイト",1400,2,"4543959732272","φ16.0xh2.1cm"]
["BP02532705","パロディア　ブレッドプレート　ブルー",1400,2,"4543959732296","φ16.0xh2.1cm"]
["BP02532709","パロディア　ブレッドプレート　フォレストグリーン",1400,2,"4543959732289","φ16.0xh2.1cm"]
["BP02532601","パロディア　デザートプレート　アンティークホワイト",1800,2,"4543959732302","φ22.0xh2.5cm"]
["BP02532605","パロディア　デザートプレート　ブルー",1800,2,"4543959732326","φ22.0xh2.5cm"]
["BP02532609","パロディア　デザートプレート　フォレストグリーン",1800,2,"4543959732319","φ22.0xh2.5cm"]
["BP02532501","パロディア　ディナープレート　アンティークホワイト",2200,2,"4543959732333","φ29.0xh3.0cm"]
["BP02532505","パロディア　ディナープレート　ブルー",2200,2,"4543959732357","φ29.0xh3.0cm"]
["BP02532509","パロディア　ディナープレート　フォレストグリーン",2200,2,"4543959732340","φ29.0xh3.0cm"]
["BP02532301","パロディア　スーププレート　アンティークホワイト",2300,2,"4543959732364","φ25.0xh5.0cm"]
["BP02532305","パロディア　スーププレート　ブルー",2300,2,"4543959732388","φ25.0xh5.0cm"]
["BP02532309","パロディア　スーププレート　フォレストグリーン",2300,2,"4543959732371","φ25.0xh5.0cm"]
["BP02531201","パロディア　オーバルプラッター　アンティークホワイト",4800,2,"4543959732395","33.0x23.0xh2.4cm"]
["BP02531205","パロディア　オーバルプラッター　ブルー",4800,2,"4543959732418","33.0x23.0xh2.4cm"]
["BP02531209","パロディア　オーバルプラッター　フォレストグリーン",4800,2,"4543959732401","33.0x23.0xh2.4cm"]
["BP02531601","パロディア　ボウル　アンティークホワイト",1800,2,"4543959732425","φ15.0xh6.8cm"]
["BP02531605","パロディア　ボウル　ブルー",1800,2,"4543959732449","φ15.0xh6.8cm"]
["BP02531609","パロディア　ボウル　フォレストグリーン",1800,2,"4543959732432","φ15.0xh6.8cm"]
["BP02531501","パロディア　サラダボウル　アンティークホワイト",3900,2,"4543959732456","φ23.0xh9.0cm"]
["BP02531505","パロディア　サラダボウル　ブルー",3900,2,"4543959732470","φ23.0xh9.0cm"]
["BP02531509","パロディア　サラダボウル　フォレストグリーン",3900,2,"4543959732463","φ23.0xh9.0cm"]
["BP02532201","パロディア　マグカップ　アンティークホワイト",2400,2,"4543959732487","φ9.7x12.9xh11.0cm"]
["BP02532205","パロディア　マグカップ　ブルー",2400,2,"4543959732500","φ9.7x12.9xh11.0cm"]
["BP02532209","パロディア　マグカップ　フォレストグリーン",2400,2,"4543959732494","φ9.7x12.9xh11.0cm"]
["BP02410401","ツィート　ボウルＳ　ホワイト",1800,2,"4543959845873","17.5x10.2xh4.3cm"]
["BP02410402","ツィート　ボウルＳ　ピンク",1800,2,"4543959845880","17.5x10.2xh4.3cm"]
["BP02410501","ツィート　ボウルＭ　ホワイト",2200,2,"4543959845897","21.2x15.7xh6.3cm"]
["BP02410502","ツィート　ボウルＭ　ピンク",2200,2,"4543959845903","21.2x15.7xh6.3cm"]
["BP02410301","ツィート　フルーツプレート　ホワイト",2200,2,"4543959845910","28.0x21.0xh2.5cm"]
["BP02410302","ツィート　フルーツプレート　ピンク",2200,2,"4543959845927","28.0x21.0xh2.5cm"]
["BP02410201","ツィート　ディナープレート　ホワイト",2600,2,"4543959845934","35.0x27.0xh3.0cm"]
["BP02410202","ツィート　ディナープレート　ピンク",2600,2,"4543959845941","35.0x27.0xh3.0cm"]
["BP02410801","ツィート　ボックス　ホワイト",6000,2,"4543959845958","21.0x16.0xh13.0cm"]
["BP02410802","ツィート　ボックス　ピンク",6000,2,"4543959845965","21.0x16.0xh13.0cm"]
["BP01001","スワロー　オーナメント　ミニ",2100,2,"4543959846009","6.0x6.0xh2.0cm"]
["BP01001mg","スワロー　オーナメント　ミニ　マグネット付",2300,2,"4543959733088","6.0x6.0xh3.0cm"]
["BP01002","スワロー　オーナメント　Ｓ",3000,2,"4543959845996","12.0x9.0xh3.0cm"]
["BP01003","スワロー　オーナメント　Ｍ",3600,2,"4543959845989","15.5x12.0xh4.0cm"]
["BP01004","スワロー　オーナメント　Ｌ",4200,2,"4543959845972","20.0x14.0xh14.0cm"]
["BP058017","ひよこ　エッグカップ",2700,2,"4543959846962","9.0x6.0xh6.3cm"]
["BP026079","ブルーバード　リーフプレート",4800,1,"4543959732715","19.0x19.0xh7.5cm"]
["BP040100","フォックス　ダブルリーフプレート",5800,1,"4543959732722","34.0x19.0xh9.0cm"]
["BP015637","ピッチャー　きつね",10000,1,"4543959847884","18.5x14.0xh19.5cm"]
["BP046067","ピッチャー　ふくろう",11000,1,"4543959731886","16.0x12.0xh23.5cm"]
["BP025413","ピッチャー　うさぎ",18000,1,"4543959847877","19.0x15.0xh22.0cm"]
["BP006025","ハンティングキャット",15000,1,"4543959847006","9.0x6.0xh6.3cm"]
["BP046015","ピッチャー　ねこ",13000,1,"4543959733071","23.7x11.7xh27.1cm"]
["BP024002","クリスマスガーランド　ディナープレート",4000,2,"4543959731947","φ29.5xh2.5cm"]
["BP024009","クリスマスガーランド　オーバルプラッター",6700,1,"4543959731930","39.5x19.0xh3.3cm"]
["BP024016","クリスマスガーランド　ボウル",3500,2,"4543959731954","φ20.3xh6.2cm"]
["BP024018","クリスマスガーランド　トルテトレー",7200,1,"4543959731961","43.0x18.5xh5.0cm"]
["BP020203","ノエル　フルーツプレート",3600,2,"4543959731923","φ21.0xh2.3cm"]
["BP018502","ノエル　ディナープレート",4500,2,"4543959731916","φ27.0xh3.0cm"]
["PA24781","ブルーミング　サービングプレート",15000,1,"4543959732753","φ39.6xh3.6cm"]
["PA24782","ブルーミング　チャージャープレート",11000,1,"4543959732760","φ33.0xh3.6cm"]
["PA24783","ブルーミング　ディナープレート",4400,2,"4543959732777","φ27.8xh3.3cm"]
["PA24784","ブルーミング　スーププレート",4400,2,"4543959732784","φ25.2xh4.6cm"]
["PA24785","ブルーミング　デザートプレート",3800,2,"4543959732791","φ23.1xh2.9cm"]
["PA24786","ブルーミング　ブレッドプレート",3000,2,"4543959732807","φ19.7xh2.1cm"]
["PA26785","ブルーミング　マグカップ",4800,2,"4543959732814","11.3x7.8xh11.3cm(400ml)"]
["PA26786","ブルーミング　シリアルボウル",5200,2,"4543959732821","φ15.1xh6.5cm(800ml)"]
["PA24792","ブルーミング　ティーカップ＆ソーサー",4800,2,"4543959732838","15.1xh8.5cm(300ml)"]
["PA26810","ブルーミング　ミディアムプラッター",12000,1,"4543959732845","37.0x18.5xh2.7cm"]
["PA22250","コラリーナ　ラージオーバルプラッター",11500,1,"4543959732852","41.3x24.4xh4.2cm"]
["PA22245","コラリーナ　チャージャープレート",9800,1,"4543959732869","φ32.7xh3.0cm"]
["PA22246","コラリーナ　ディナープレート",3500,2,"4543959732876","φ28.9xh2.2cm"]
["PA22247","コラリーナ　スーププレート",3500,2,"4543959732883","φ26.0xh4.7cm"]
["PA22248","コラリーナ　デザートプレート",3300,2,"4543959732890","φ22.9xh2.1cm"]
["PA22249","コラリーナ　ブレッドプレート",2500,2,"4543959732906","φ17.8xh2.1cm"]
["PA22263","コラリーナ　シリアルボウル",3900,2,"4543959732913","φ16.1xh6.1cm(751ml)"]
["PA29075","コラリーナ　ライスボウル",2800,2,"4543959732920","φ11.0xh6.5cm(334ml)"]
["PA22251","コラリーナ　マグカップ",4800,2,"4543959732937","13.4xh10.2cm(415ml)"]
["PA22252","コラリーナ　ティーカップ＆ソーサー",5800,2,"4543959732944","φ16.0xh6.4cm(250ml)"]
["PA37860","トレジャー　チャージャープレート",12000,1,"4543959732951","φ32.9xh2.9cm"]
["PA37673","トレジャー　ディナープレート",4000,2,"4543959732968","φ28.2xh2.5cm"]
["PA37674","トレジャー　スーププレート",4000,2,"4543959732975","φ25.2xh4.6cm"]
["PA37675","トレジャー　デザートプレート",2900,2,"4543959732982","φ22.9xh2.2cm"]
["PA37676","トレジャー　サイドプレート",2300,2,"4543959732999","φ16.2xh2.0cm"]
["PA37738","トレジャー　スモールオーバルプレート",8900,1,"4543959733002","34.7x26.5xh2.8cm"]
["PA37742","トレジャー　ライスボウル",2900,2,"4543959733019","φ11.0xh6.5cm(334ml)"]
["PA37743","トレジャー　スープボウル",3700,2,"4543959733026","φ14.1xh6.4cm(541ml)"]
["PA37744","トレジャー　ベジタブルボウル",2700,2,"4543959733033","φ10.4xh5.4cm(243ml)"]
["PA8583","アジュール　チャージャープレート",4000,2,"4543959844623","φ31.9xh2.4cm"]
["PA8584","アジュール　ディナープレート",2000,2,"4543959844616","φ26.9xh2.3cm"]
["PA8585","アジュール　デザートプレート",1400,2,"4543959844609","φ21.0xh1.6cm"]
["PA8588","アジュール　スーププレート",1700,2,"4543959844630","φ19.3xh3.8cm"]
["PA8498","アジュール　ブレッドプレート",1500,2,"4543959844678","φ17.0xh2.5cm"]
["PA0454","アジュール　オーバルプレート",3300,2,"4543959844647","28.8x17.7xh2.5cm"]
["PA8586","アジュール　オーバルラージプラッター",7200,2,"4543959844654","42.3x32.3xh3.4cm"]
["PA8590","アジュール　トルテトレー",5000,2,"4543959844661","39.4x15.2xh2.0cm"]
["PA8591","アジュール　ケーキプレート",6900,2,"4543959844678","37.5x330xh3.0cm"]
["PA5259","アジュール　コーヒーカップ＆ソーサー",1500,2,"4543959844425","カップ8.3x6.0xh5.0cmソーサーφ11.5xh2.0cm"]
["PA5260","アジュール　ティーカップ＆ソーサー",2400,2,"4543959844432","カップ11.2x17.7xh2.5cmソーサーφ15.5xh2.4cm"]
["PA1688","オーナメント　スモールオーバルプラッター",12000,1,"4543959733040","34.7x26.5xh2.8cm"]
["PA1681","オーナメント　チャージャープレート",8500,1,"4543959733057","φ32.7xh2.8cm"]
["PA1682","オーナメント　ディナープレート",3500,2,"4543959844395","φ28.0xh2.5cm"]
["PA1684","オーナメント　デザートプレート",3200,2,"4543959844388","φ23.0xh2.2cm"]
["PA1685","オーナメント　ブレッドプレート",2700,2,"4543959733217","φ16.9xh2.0cm"]
["PA1955","オーナメント　シリアルボウル",3000,2,"4543959733064","φ12.1xh5.0cm"]
["PA1966","オーナメント　トルテトレー",10000,2,"4543959844418","39.0x15.0xh1.5cm"]
["PA1683","オーナメント　スーププレート",3500,2,"4543959844401","φ25.0xh4.6cm"]
["PA4646","オーナメント　マグカップ",3600,2,"4543959733224","7.7x11.2xh11.4cm"]
["PA1701","オーナメントコーヒーカップ＆ソーサー",3600,2,"4543959733231","カップ4.8x7.7xh7.7cmソーサーφ13.0xh2.3cm"]
["PA1696","オーナメントティーカップ＆ソーサー",4300,2,"4543959733248","カップ10.0x13.0xh5.0cmソーサーφ16.8xh2.0cm"]
["PA7834","ヴェネチア　ディナープレート",3500,2,"4543959844524","φ28.0xh2.5cm"]
["PA7836","ヴェネチア　デザートプレート",3200,2,"4543959844548","φ23.0xh2.2cm"]
["PA7837","ヴェネチア　ブレッドプレート",2700,2,"4543959844555","φ16.9xh2.0cm"]
["PA7835","ヴェネチア　スーププレート",3500,2,"4543959844531","φ25.0xh4.6cm"]
["PA8414","ヴェネチア　マグカップ",3600,2,"4543959844562","7.7x11.2xh11.4cm"]
["PA7845","ヴェネチアコーヒーカップ＆ソーサー",3600,2,"4543959844579","カップ4.8x7.7xh7.7cmソーサーφ13.0xh2.3cm"]
["PA1696","ヴェネチア　ティーカップ＆ソーサー",4300,2,"4543959844586","カップ10.0x13.0xh5.0cmソーサーφ16.8xh2.0cm"]
["PA7853","ヴェネチア　ケーキスタンド",6500,2,"4543959844593","φ17.2xh6.8cm"]
["PVG00101","ビコス　ウォーターゴブレット　クリア",1600,2,"4543959844449","φ8.8xh17.0cm"]
["PVG00201　","ビコス　ワインゴブレット　クリア",1400,2,"4543959844692","φ7.7xh15.3cm　"]
["PVG00401","ビコス　フルートグラス　クリア",1600,2,"4543959844708","φ5.8xh19.0cm"]
["PVG00601","ビコス　ピッチャー　クリア",6000,2,"4543959844715","φ20.2xh20.5cm"]
["PVG00701","ビコス　デキャンタ　クリア",7500,2,"4543959844722","φ12.4xh30.0cm"]
["PVG01102","ビコス　ウォーターゴブレット　カラー　ブルー",2400,2,"4543959844739","φ8.8xh17.0cm"]
["PVG01103","ビコス　ウォーターゴブレット　カラー　レッド",2400,2,"4543959844746","φ8.8xh17.0cm"]
["PVG01104","ビコス　ウォーターゴブレット　カラー　グリーン",2400,2,"4543959844753","φ8.8xh17.0cm"]
["PVG01105","ビコス　ウォーターゴブレット　カラー　アンバー",2400,2,"4543959844760","φ8.8xh17.0cm"]
["PVG01106","ビコス　ウォーターゴブレット　カラー　グレー",2400,2,"4543959844777","φ8.8xh17.0cm"]
["PVG01107","ビコス　ウォーターゴブレット　カラー　ホワイト",3000,2,"4543959844784","φ8.8xh17.0cm"]
["PVG0210103","ビコス　ウォーターゴブレット　バイカラー　クリア/レッド",3900,2,"4543959844814","φ8.8xh17.0cm"]
["PVG0210301","ビコス　ウォーターゴブレット　バイカラー　レッド/クリア",3900,2,"4543959844807","φ8.8xh17.0cm"]
["PVG0210104","ビコス　ウォーターゴブレット　バイカラー　クリア/グリーン",3900,2,"4543959844838","φ8.8xh17.0cm"]
["PVG0210401","ビコス　ウォーターゴブレット　バイカラー　グリーン/クリア",3900,2,"4543959844821","φ8.8xh17.0cm"]
["PVG0210105","ビコス　ウォーターゴブレット　バイカラー　クリア/アンバー",3900,2,"4543959844852","φ8.8xh17.0cm"]
["PVG0210501","ビコス　ウォーターゴブレット　バイカラー　アンバー/クリア",3900,2,"4543959844845","φ8.8xh17.0cm"]
["PVG0210106","ビコス　ウォーターゴブレット　バイカラー　クリア/グレー",3900,2,"4543959844876","φ8.8xh17.0cm"]
["PVG0210601","ビコス　ウォーターゴブレット　バイカラー　グレー/クリア",3900,2,"4543959844869","φ8.8xh17.0cm"]
["PVG0210808","ビコス　ウォーターゴブレット　バイカラー　ブラック/マット",3900,2,"4543959844791","φ8.8xh17.0cm"]
["PT01708","カンネギーサー　マグカップ　デイジー",1800,2,"4543959847013","11.5x8.0xh8.5cm"]
["PT01711","カンネギーサー　マグカップ　ブルーフラワー",1800,2,"4543959847020","11.5x8.0xh8.5cm"]
["PT01008","カンネギーサー　ティーカップ＆ソーサー　デイジー",2800,2,"4543959840014","12.5x9.5xh7.5cm"]
["PT01011","カンネギーサー　ティーカップ＆ソーサー　ブルーフラワー",2800,2,"4543959840021","12.5x9.5xh7.5cm"]
["PT00908","カンネギーサー　ティーポット　デイジー",5800,1,"4543959839018","19.0x12.5xh13.5cm"]
["PT00911","カンネギーサー　ティーポット　ブルーフラワー",5800,1,"4543959839025","19.0x12.5xh13.5cm"]
["PT00708","カンネギーサー　ティーバッグレスト　デイジー",1200,2,"4543959837014","13.0x9.5cm"]
["PT00711","カンネギーサー　ティーバッグレスト　ブルーフラワー",1200,2,"4543959837021","13.0x9.5cm"]
["PT01308 ","カンネギーサー　エッグカップ　デイジー",1200,2,"4543959843015","φ5.0xh6.5cm"]
["PT01311 ","カンネギーサー　エッグカップ　ブルーフラワー",1200,2,"4543959843022","φ5.0xh6.5cm"]
["PT001S08","カンネギーサー　ディナープレートS　デイジー",2400,2,"4543959831012","φ18.0cm"]
["PT001S11","カンネギーサー　ディナープレートS　ブルーフラワー",2400,2,"4543959831029","φ18.0cm"]
["PT001M08","カンネギーサー　ディナープレートM　デイジー",3000,2,"4543959831913","φ24.0cm"]
["PT001M11","カンネギーサー　ディナープレートM　ブルーフラワー",3000,2,"4543959831920","φ24.0cm"]
["PT003S08","カンネギーサー　スーププレートS 　デイジー",3000,2,"4543959833016","φ15.0xh3.5cm"]
["PT003S11","カンネギーサー　スーププレートS 　ブルーフラワー",3000,2,"4543959833023","φ15.0xh3.5cm"]
["PT003M08","カンネギーサー　スーププレートM　デイジー",3700,2,"4543959833917","φ18.0xh4.0cm"]
["PT003M11","カンネギーサー　スーププレートM　ブルーフラワー",3700,2,"4543959833924","φ18.0xh4.0cm"]
["H07314","ハイゼ　マグカップ　アネモネ",2600,2,"4543959857012","11.0x8.0xh8.0cm"]
["H07315","ハイゼ　マグカップ　アップル",2600,2,"4543959857029","11.0x8.0xh8.0cm"]
["H07370","ハイゼ　マグカップ　テンドリル",2600,2,"4543959857036","11.0x8.0xh8.0cm"]
["H01714","ハイゼ　ティーカップ＆ソーサー　アネモネ",3800,2,"4543959852017","11.0x9.0xh5.5cm"]
["H01715","ハイゼ　ティーカップ＆ソーサー　アップル",3800,2,"4543959852024","11.0x9.0xh5.5cm"]
["H01770","ハイゼ　ティーカップ＆ソーサー　テンドリル",3800,2,"4543959852031","11.0x9.0xh5.5cm"]
["H08214","ハイゼ　カフェオレボウル　アネモネ",3000,2,"4543959858019","φ14.0xh8.0cm"]
["H08215","ハイゼ　カフェオレボウル　アップル",3000,2,"4543959858026","φ14.0xh8.0cm"]
["H08270","ハイゼ　カフェオレボウル　テンドリル",3000,2,"4543959858033","φ14.0xh8.0cm"]
["H01214","ハイゼ　ティーポット　アネモネ",7000,1,"4543959850013","22.0x13.5xh14.0cm"]
["H01215","ハイゼ　ティーポット　アップル",7000,1,"4543959850020","22.0x13.5xh14.0cm"]
["H01270","ハイゼ　ティーポット　テンドリル",7000,1,"4543959850037","22.0x13.5xh14.0cm"]
["H02014","ハイゼ　ディナープレートS　アネモネ",2700,2,"4543959853014","φ17.0cm "]
["H02015","ハイゼ　ディナープレートS　アップル",2700,2,"4543959853021","φ17.0cm "]
["H02070","ハイゼ　ディナープレートS　テンドリル",2700,2,"4543959853038","φ17.0cm "]
["H02114","ハイゼ　ディナープレートM　アネモネ",3200,2,"4543959854011","φ22.0cm"]
["H02115","ハイゼ　ディナープレートM　アップル",3200,2,"4543959854028","φ22.0cm"]
["H02170","ハイゼ　ディナープレートM　テンドリル",3200,2,"4543959854035","φ22.0cm"]
["H22714","ハイゼ　ボウルS　アネモネ",3200,2,"4543959862016","φ15.0xh6.0cm"]
["H22715","ハイゼ　ボウルS　アップル",3200,2,"4543959862023","φ15.0xh6.0cm"]
["H22770","ハイゼ　ボウルS　テンドリル",3200,2,"4543959862030","φ15.0xh6.0cm"]
["H22814","ハイゼ　ボウルM　アネモネ",4200,2,"4543959863013","φ18.0xh7.0cm"]
["H22815","ハイゼ　ボウルM　アップル",4200,2,"4543959863020","φ18.0xh7.0cm"]
["H22870","ハイゼ　ボウルM　テンドリル",4200,2,"4543959863037","φ18.0xh7.0cm"]
["GI00901","ドルチェ　ワイングラス　クリア",3300,1,"4543959902712","φ8.9xh16.4cm"]
["GI00902","ドルチェ　ワイングラス　レッド",3300,1,"4543959902729","φ8.9xh16.4cm"]
["GI00903","ドルチェ　ワイングラス　パープル",3300,1,"4543959902736","φ8.9xh16.4cm"]
["GI00904","ドルチェ　ワイングラス　ブルー",3300,1,"4543959902743","φ8.9xh16.4cm"]
["GI00905","ドルチェ　ワイングラス　ターコイズ",3300,1,"4543959902750","φ8.9xh16.4cm"]
["GI00906","ドルチェ　ワイングラス　グリーン",3300,1,"4543959902767","φ8.9xh16.4cm"]
["GI00909","ドルチェ　ワイングラス　アンバー",3300,1,"4543959902798","φ8.9xh16.4cm"]
["GI00907","ドルチェ　ワイングラス　ホワイト",3300,1,"4543959902774","φ8.9xh16.4cm"]
["GI00908","ドルチェ　ワイングラス　ブラック",3300,1,"4543959902781","φ8.9xh16.4cm"]
["GI00801","ドルチェ　フルートグラス　クリア",3300,1,"4543959902613","φ6.5xh21.0cm"]
["GI00802","ドルチェ　フルートグラス　レッド",3300,1,"4543959902620","φ6.5xh21.0cm"]
["GI00803","ドルチェ　フルートグラス　パープル",3300,1,"4543959902637","φ6.5xh21.0cm"]
["GI00804","ドルチェ　フルートグラス　ブルー",3300,1,"4543959902644","φ6.5xh21.0cm"]
["GI00805","ドルチェ　フルートグラス　ターコイズ",3300,1,"4543959902651","φ6.5xh21.0cm"]
["GI00806","ドルチェ　フルートグラス　グリーン",3300,1,"4543959902668","φ6.5xh21.0cm"]
["GI00809","ドルチェ　フルートグラス　アンバー",3300,1,"4543959902699","φ6.5xh21.0cm"]
["GI00807","ドルチェ　フルートグラス　ホワイト",3300,1,"4543959902675","φ6.5xh21.0cm"]
["GI00808","ドルチェ　フルートグラス　ブラック",3300,1,"4543959902682","φ6.5xh21.0cm"]
["GI01601","ノーヴァ　イタリア　ワイングラス　クリア",2500,1,"4543959903016","φ9.5xh18.0cm"]
["GI01604","ノーヴァ　イタリア　ワイングラス　ブルー",2500,1,"4543959903023","φ9.5xh18.0cm"]
["GI01605","ノーヴァ　イタリア　ワイングラス　ターコイズ",2500,1,"4543959903030","φ9.5xh18.0cm"]
["GI01606","ノーヴァ　イタリア　ワイングラス　グリーン",2500,1,"4543959903047","φ9.5xh18.0cm"]
["GI01701","ウインストン　ワイングラス　クリア",3400,1,"4543959903054","φ9.0xh14.0cm"]
["GI01704","ウインストン　ワイングラス　ブルー",3400,1,"4543959903061","φ9.0xh14.0cm"]
["GI01705","ウインストン　ワイングラス　ターコイズ",3400,1,"4543959903078","φ9.0xh14.0cm"]
["GI01706","ウインストン　ワイングラス　グリーン",3400,1,"4543959903085","φ9.0xh14.0cm"]
["GI01709","ウインストン　ワイングラス　アンバー",3400,1,"4543959903108","φ9.0xh14.0cm"]
["GI01707","ウインストン　ワイングラス　ホワイト",3400,1,"4543959903092","φ9.0xh14.0cm"]
["GI01501","ジアーダ　ワイングラス　クリア",2500,1,"4543959902972","φ9.0xh16.0cm"]
["GI01502","ジアーダ　ワイングラス　レッド",2500,1,"4543959902989","φ9.0xh16.0cm"]
["GI01504","ジアーダ　ワイングラス　ブルー",2500,1,"4543959902996","φ9.0xh16.0cm"]
["GI01506","ジアーダ　ワイングラス　グリーン",2500,1,"4543959903009","φ9.0xh16.0cm"]
["GI0190708","フォルテ・デイ・マルミ　ワイングラス　ホワイト/ブラック",3000,1,"4543959903153","φ9.5xh17.5cm"]
["GI0190807","フォルテ・デイ・マルミ　ワイングラス　ブラック/ホワイト",3000,1,"4543959903160","φ9.5xh17.5cm"]
["GI01101","ミリー　タンブラー　クリア",3600,1,"4543959901319","φ7.7xh10.0cm"]
["GI01102","ミリー　タンブラー　レッド",3600,1,"4543959901326","φ7.7xh10.0cm"]
["GI01104","ミリー　タンブラー　ブルー",3600,1,"4543959901340","φ7.7xh10.0cm"]
["GI01705","ミリー　タンブラー　ターコイズ",3600,1,"4543959901357","φ7.7xh10.0cm"]
["GI01706","ミリー　タンブラー　グリーン",3600,1,"4543959901364","φ7.7xh10.0cm"]
["GI01709","ミリー　タンブラー　アンバー",3200,1,"4543959901395","φ7.7xh10.0cm"]
["GI01801","パラッツォ　タンブラー　クリア",3400,1,"4543959903115","φ9.7xh11.0cm"]
["GI01803","パラッツォ　タンブラー　レッド",3400,1,"4543959903122","φ9.7xh11.0cm"]
["GI01804","パラッツォ　タンブラー　ブルー",3400,1,"4543959903139","φ9.7xh11.0cm"]
["GI01806","パラッツォ　タンブラー　グリーン",3400,1,"4543959903146","φ9.7xh11.0cm"]
["GI0130107","ダブルフェイス　タンブラー　ホワイト",2400,1,"4543959902811","φ9.0xh11.0cm"]
["GI0130108","ダブルフェイス　タンブラー　ブラック",2400,1,"4543959902859","φ9.0xh11.0cm"]
["GI0130507","ダブルフェイス　タンブラー　ミルキーブルー",2400,1,"4543959902828","φ9.0xh11.0cm"]
["GI0130405","ダブルフェイス　タンブラー　アクアマリン",2400,1,"4543959902866","φ9.0xh11.0cm"]
["GI0130902","ダブルフェイス　タンブラー　スカーレット",2400,1,"4543959902873","φ9.0xh11.0cm"]
["GI0130309","ダブルフェイス　タンブラー　コバルトバイオレット",2400,1,"4543959902880","φ9.0xh11.0cm"]
["GI00702","レンテ　タンブラー　レッド",2100,1,"4543959902224","φ9.0xh11.0cm"]
["GI00703","レンテ　タンブラー　パープル",2100,1,"4543959902231","φ9.0xh11.0cm"]
["GI00704","レンテ　タンブラー　ブルー",2100,1,"4543959902248","φ9.0xh11.0cm"]
["GI00706","レンテ　タンブラー　グリーン",2100,1,"4543959902262","φ9.0xh11.0cm"]
["GI00707","レンテ　タンブラー　ホワイト",2100,1,"4543959902279","φ9.0xh11.0cm"]
["GI00708","レンテ　タンブラー　ブラック",2100,1,"4543959902286","φ9.0xh11.0cm"]
["GI05101","フェデリカ　ピッチャー　クリア",10500,1,"4543959902415","φ13.5x21.0xh21.5cm"]
["GI05102","フェデリカ　ピッチャー　レッド",10500,1,"4543959902422","φ13.5x21.0xh21.5cm"]
["GI05103","フェデリカ　ピッチャー　パープル",10500,1,"4543959902439","φ13.5x21.0xh21.5cm"]
["GI05105","フェデリカ　ピッチャー　ターコイズ",10500,1,"4543959902453","φ13.5x21.0xh21.5cm"]
["GI05106","フェデリカ　ピッチャー　グリーン",10500,1,"4543959902460","φ13.5x21.0xh21.5cm"]
["GI05107","フェデリカ　ピッチャー　ホワイト",10500,1,"4543959902477","φ13.5x21.0xh21.5cm"]
["GI05108","フェデリカ　ピッチャー　ブラック",10500,1,"4543959902484","φ13.5x21.0xh21.5cm"]
["GI03101","ニンファ　ケーキスタンド",8700,1,"4543959902927","φ29.5xh16.0cm"]
["GI03201","ジアソーレ　ケーキスタンド",17000,1,"4543959902934","φ33.0xh21.5cm"]
["12102271","クラッシーメッシュ　ランチョンマット　ストーングレー",800,2,"4543959041237","42.5x32.5cm"]
["12102101","クラッシーメッシュ　ランチョンマット　オフホワイト",800,2,"4543959041244","42.5x32.5cm"]
["12102811","クラッシーメッシュ　ランチョンマット　トープ",800,2,"4543959041251","42.5x32.5cm"]
["12102861","クラッシーメッシュ　ランチョンマット　ブラック",800,2,"4543959041268","42.5x32.5cm"]
["12102931","クラッシーメッシュ　ランチョンマット　ボルドー",800,2,"4543959041275","42.5x32.5cm"]
["12102601","ランチョンマット　クラッシーメッシュ　マロン",800,2,"4543959041282","42.5x32.5cm"]
["12102441","ランチョンマット　クラッシーメッシュ　シルキーシルバー",800,2,"4543959041299","42.5x32.5cm"]
["12102061","ランチョンマット　クラッシーメッシュ　シルキーブロンズ",800,2,"4543959041305","42.5x32.5cm"]
["12102812","ランチョンマット　クラッシーメッシュ　シルキーゴールド",800,2,"4543959041312","42.5x32.5cm"]
["12102471","ランチョンマット　クラッシーメッシュ　イエロー",800,2,"4543959041329","42.5x32.5cm"]
["12102011","ランチョンマット　クラッシーメッシュ　オレンジ",800,2,"4543959041336","42.5x32.5cm"]
["12102533","ランチョンマット　クラッシーメッシュ　ピンク",800,2,"4543959041343","42.5x32.5cm"]
["12102791","ランチョンマット　クラッシーメッシュ　レッド",800,2,"4543959041350","42.5x32.5cm"]
["12102371","ランチョンマット　クラッシーメッシュ　グリーン",800,2,"4543959041367","42.5x32.5cm"]
["12102281","ランチョンマット　クラッシーメッシュ　ターコイズ",800,2,"4543959041374","42.5x32.5cm"]
["10570041","ランチョンマット　テラ　ベージュ",900,2,null,"43.0x30.0cm"]
["10570061","ランチョンマット　テラ　ブラウン",900,2,null,"43.0x30.0cm"]
["10570811","ランチョンマット　テラ　トープ",900,2,null,"43.0x30.0cm"]
["10570941","ランチョンマット　テラ　オリーブグリーン",900,2,null,"43.0x30.0cm"]
["10570181","ランチョンマット　テラ　ブルー",900,2,null,"43.0x30.0cm"]
["10570191","ランチョンマット　テラ　ブラック",900,2,null,"43.0x30.0cm"]
["10590811","ランチョンマット　アラベスク　トープ",900,2,null,"43.5x28.5cm"]
["10590891","ランチョンマット　アラベスク　グリーン",900,2,null,"43.5x28.5cm"]
["10590581","ランチョンマット　アラベスク　ブルー",900,2,null,"43.5x28.5cm"]
["10590151","ランチョンマット　アンダルシア　ガーネット",900,2,null,"43.5x28.5cm"]
["10590031","ランチョンマット　アンダルシア　ベージュ",900,2,null,"43.5x28.5cm"]
["10590181","ランチョンマット　アンダルシア　ブルー",900,2,null,"43.5x28.5cm"]
["10598101","ランチョンマット　ナチュレ　オーク　ホワイト",900,2,null,"45.0x30.0cm"]
["10598031","ランチョンマット　ナチュレ　オーク　ビンテージ",900,2,null,"45.0x30.0cm"]
["10598041","ランチョンマット　ナチュレ　オーク　ベージュ",900,2,null,"45.0x30.0cm"]
["10598061","ランチョンマット　ナチュレ　メープル　ブラウン",900,2,null,"45.0x30.0cm"]
["10598191","ランチョンマット　ナチュレ　メープル　ブラック",900,2,null,"45.0x30.0cm"]
["101101","アミ　ランチョンマット　スノーホワイト",640,6,"4543959011018","40.0x30.0cm"]
["101541","アミ　ランチョンマット　アイボリー",640,6,"4543959015412","40.0x30.0cm"]
["101961","アミ　ランチョンマット　エクリュ",640,6,"4543959019618","40.0x30.0cm"]
["101141","アミ　ランチョンマット　コーク",640,6,"4543959011414","40.0x30.0cm"]
["101641","アミ　ランチョンマット　オールドグリーン",640,6,"4543959016419","40.0x30.0cm"]
["101941","アミ　ランチョンマット　オリーブグリーン",640,6,"4543959019410","40.0x30.0cm"]
["101891","アミ　ランチョンマット　ライトグリーン",640,6,"4543959018918","40.0x30.0cm"]
["101391","アミ　ランチョンマット　ライムグリーン",640,6,"4543959013913","40.0x30.0cm"]
["101371","アミ　ランチョンマット　キウイグリーン",640,6,"4543959013715","40.0x30.0cm"]
["101471","アミ　ランチョンマット　サンフラワー",640,6,"4543959014712","40.0x30.0cm"]
["101021","アミ　ランチョンマット　イエロー",640,6,"4543959010219","40.0x30.0cm"]
["101451","アミ　ランチョンマット　テラコッタ",640,6,"4543959014514","40.0x30.0cm"]
["101011","アミ　ランチョンマット　バレンシア",640,6,"4543959010110","40.0x30.0cm"]
["101201","アミ　ランチョンマット　ロイヤルパープル",640,6,"4543959012015","40.0x30.0cm"]
["101071","アミ　ランチョンマット　パンジー",640,6,"4543959010714","40.0x30.0cm"]
["101811","アミ　ランチョンマット　トープ",640,6,"4543959018116","40.0x30.0cm"]
["101191","アミ　ランチョンマット　ブラック",640,6,"4543959011919","40.0x30.0cm"]
["101861","アミ　ランチョンマット　チャコールグレー",640,6,"4543959018611","40.0x30.0cm"]
["101771","アミ　ランチョンマット　グレーブルー",640,6,"4543959017713","40.0x30.0cm"]
["101781","アミ　ランチョンマット　マリンブルー",640,6,"4543959017812","40.0x30.0cm"]
["112541","アミ　ティーマット　アイボリー",480,6,"4543959075416","33.5x22.0cm"]
["112041","アミ　ティーマット　ベージュ",480,6,"4543959070411","33.5x22.0cm"]
["112451","アミ　ティーマット　テラコッタ",480,6,"4543959074518","33.5x22.0cm"]
["112021","アミ　ティーマット　イエロー",480,6,"4543959070213","33.5x22.0cm"]
["112991","アミ　ティーマット　サファリグリーン",480,6,"4543959079919","33.5x22.0cm"]
["112391","アミ　ティーマット　ライムグリーン",480,6,"4543959073917","33.5x22.0cm"]
["112941","アミ　ティーマット　オリーブグリーン",480,6,"4543959079414","33.5x22.0cm"]
["112111","アミ　ティーマット　リーフグリーン",480,6,"4543959071111","33.5x22.0cm"]
["112191","アミ　ティーマット　ブラック",480,6,"4543959071913","33.5x22.0cm"]
["112861","アミ　ティーマット　チャコールグレー",480,6,"4543959078615","33.5x22.0cm"]
["112441","アミ　ティーマット　ライトグレー",480,6,"4543959074419","33.5x22.0cm"]
["112781","アミ　ティーマット　マリンブルー",480,6,"4543959077816","33.5x22.0cm"]
["112181","アミ　ティーマット　ネイビーブルー",480,6,"4543959071814","33.5x22.0cm"]
["112151","アミ　ティーマット　ボルドー",480,6,"4543959071517","33.5x22.0cm"]
["112071","アミ　ティーマット　パンジー",480,6,"4543959070718","33.5x22.0cm"]
["112523","アミ　ティーマット　シェルピンク",480,6,"4543959075232","33.5x22.0cm"]
["112701","アミ　ティーマット　オールドローズ",480,6,"4543959077014","33.5x22.0cm"]
["250491","クーリスタ　ランチョンマット　アップルグリーン",480,6,"4543959041176","45.0x32.5cm"]
["250271","クーリスタ　ランチョンマット　ライトブルー",480,6,"4543959041183","45.0x32.5cm"]
["250021","クーリスタ　ランチョンマット　イエロー",480,6,"4543959041190","45.0x32.5cm"]
["250361","クーリスタ　ランチョンマット　ラズベリー",480,6,"4543959041206","45.0x32.5cm"]
["250101","クーリスタ　ランチョンマット　ホワイト",480,6,"4543959041213","45.0x32.5cm"]
["250861","クーリスタ　ランチョンマット　チャコールグレー",480,6,"4543959041220","45.0x32.5cm"]
["WM1061","スイベルピーラー　ファモス",800,1,"4543959740000","15.5x3.5cm "]
["WM6050","ダブルピーラー　",3200,1,"4543959740109","19.0x6.5cm "]
["WM6095","スイベルピーラークイック　",1500,1,"4543959740031","12.0x7.5cm"]
["WM6096","ジュリエンヌピーラー",1600,1,"4543959740048","12.0x7.5cm"]
["WM5170","マルチスライサー",3300,1,"4543959740161","20.0x7.0cm"]
["WM5120","ラディシュローズカッター",3200,1,"4543959740147","18.0x5.0cm "]
["WM5110","アップルスライサー",2700,1,"4543959740116","11.0x17.0xh4.0cm"]
["WM7100","チーズスライサーロルシュニット",2000,1,"4543959740291","14.0x10.5cm"]
["WM4000","チェリーストナー",2000,1,"4543959740208","14.0x4.0cm "]
["WM4040","オリーブストナー",2600,1,"4543959740352","17.5x5.0cm"]
["WM4010","プラムストナー",2200,1,"4543959740550","17.0x4.0xh3.0cm"]
["WM3110","マルチデコ(バターカーラー)",1100,1,"4543959740086","15.0x3.5cm "]
["WM6080","ポテト＆モッツァレラスライサー",2900,1,"4543959740574","16.0x12.0cm"]
["WM5140","スライスエイド　トマテックス",2000,1,"4543959740567","18.5x8.5x4.7cm "]
["WM1020","エッグスライサー　デピュレクス",2600,1,"4543959740369","13.5x8.0xh3.0cm"]
["WM1042","エッグスライサー　マキシム",2500,1,"4543959740123","16.0x9.0xh4.0cm"]
["WM2110","ダブルターナートング",2300,1,"4543959740178","27.5x7.3cm"]
["WM3010","ガーリックプレス",1600,1,"4543959740130","15.0x2.5cm"]
["WM6500","フィッシュスケーラー",2300,1,"4543959740314","20.5x6.0xh3.7cm"]
["WM6300","スライスエイド　",3700,1,"4543959740192","25.5x7.5cm"]
["WM6210","ミートハンマーＳ",1800,1,"4543959740185","21.5x6.0cm"]
["WM6200","ミートハンマーＬ　",3400,1,"4543959740512","23.5x6.0cm"]
["WM6600","クラブクラッカー",2200,1,"4543959740383","14.0x6.0xh1.5cm"]
["WM1056","ボトルオープナー バキュマックス",1000,1,"4543959740338","13.5x9.0cm"]
["WM6183","ボトルオープナー＆シーラー",900,1,"4543959740215","8.5x3.5cm "]
["WM1050","ユニバーサルオープナー",1400,1,"4543959740376","17.0x10.0m "]
["WM1025BK","レバーカンオープナー ブラック",560,1,"4543959740529","15.5x4.0cm"]
["WM1025RD","レバーカンオープナー レッド",560,1,"4543959740536","15.5x4.0cm"]
["WM1025MT","レバーカンオープナー メタル",560,1,"4543959740543","15.5x4.0cm"]
["WM1222","カンオープナーオートマチック　",1850,1,"4543959740345","7.0x5.0x7.0cm"]
["WM1175","ハーブシザーズ",1500,1,"4543959740864","20.0x7.6cm"]
["WM1068","ハーブチョッパー",1700,1,"4543959740093","14.5x6.5cm"]
["WM4370","オイルポアラー　クラシック",950,1,"4543959740543","2.35x9.5cm"]
["WM4250","フリーポアラー　クラシック",950,1,"4543959740246","2.5x10.0cm"]
["WM4782","オイルポアラー　エコ　",800,1,"4543959740222","3.0x5.5cm"]
["WM4557","フリーポアラー　エコ",800,1,"4543959740239","2.5x10.0cm"]
["WM2945","スイベルピーラー　ギャラント",1400,1,"4543959740666","19.5x2.7cm"]
["WM2914","ポテトフォーク　ギャラント",850,1,"4543959740659","16.3x2.7cm"]
["WM2946","トマトピーラー　ギャラント",1100,1,"4543959740673","18.5x2.2cm"]
["WM2926","チーズスライサー　ギャラント",1100,1,"4543959740727","24.5x7.4cm"]
["WM2930","ゼスター　ギャラント",1200,1,"4543959740703","16.5x2.7cm "]
["WM2934","オレンジピーラー　ギャラント",1000,1,"4543959740680","19.0x2.7cm"]
["WM2920","ステムリムーバー　ギャラント",900,1,"4543959740697","16.5x2.7cm"]
["WM2918","アップルコアラー　ギャラント",900,1,"4543959740710","21.0x2.7cm"]
["WM2932","ドウカッター　ギャラント",900,1,"4543959740734","18.0x4.0cm"]
["WM2928","ピザカッター　ギャラント",1600,1,"4543959740741","20.5x8.1cm"]
["WM1095","テーブルナイフＳ",1200,1,"4543959740758","15.4x1.8cm"]
["WM1096","テーブルナイフＬ",1200,1,"4543959740765","17.3x1.8cm"]
["WM3139","シェイプカッターハンド",700,1,"4543959740628","6.5/8/11.0x2.5cm"]
["WM3138","シェイプカッターフット",700,1,"4543959740635","7/9/11.0x2.5cm "]
["WM1257","フードモールド　ハート",1000,1,"4543959740581","13.5x9.8x1.5cm"]
["WM1258","フードモールド　フラワー",1000,1,"4543959740598","13.5x9.8x1.5cm"]
["WM1165","ベジタブルスライサー　トリオロ",3000,1,"4543959740604","18.8x6.8x9.3cm"]
["WM9708","アップルピーリング　ループ",4700,1,"4543959740772","24.5x11.0x17.5cm"]
["WM9713","スパイラルスライサー　スピーロ",8300,1,"4543959740789","27.0x13.3x19.0cm"]

{"sheet":"ﾌﾞﾛｯｸ解除方法","index":2,"n_rows":4,"n_cols":1,"rows_kept":4,"cut":false,"hidden":false,"merged":[]}
[]
["ダウンロードした発注書ファイルをデスクトップ上に移動してください。"]
["発注書ファイルのアイコンを右クリックし、プロパティを選択してください。"]
["下の画面の「許可する」にチェックを入れ、「OK」をクリックしてください。"]